CRAN Package Check Results for Package networkGen

Last updated on 2025-05-09 20:49:57 CEST.

Flavor Version Tinstall Tcheck Ttotal Status Flags
r-devel-linux-x86_64-debian-clang 0.1.1 2.87 30.66 33.53 NOTE
r-devel-linux-x86_64-debian-gcc 0.1.1 2.28 23.28 25.56 NOTE
r-devel-linux-x86_64-fedora-clang 0.1.1 56.15 NOTE
r-devel-linux-x86_64-fedora-gcc 0.1.1 53.21 NOTE
r-devel-windows-x86_64 0.1.1 4.00 57.00 61.00 NOTE
r-patched-linux-x86_64 0.1.1 3.52 29.02 32.54 NOTE
r-release-linux-x86_64 0.1.1 3.36 29.19 32.55 NOTE
r-release-macos-arm64 0.1.1 24.00 NOTE
r-release-macos-x86_64 0.1.1 35.00 NOTE
r-release-windows-x86_64 0.1.1 6.00 57.00 63.00 NOTE
r-oldrel-macos-arm64 0.1.1 22.00 NOTE
r-oldrel-macos-x86_64 0.1.1 35.00 NOTE
r-oldrel-windows-x86_64 0.1.1 6.00 61.00 67.00 NOTE

Check Details

Version: 0.1.1
Check: Rd files
Result: NOTE checkRd: (-1) nodeLogic.Rd:24: Lost braces in \itemize; meant \describe ? checkRd: (-1) nodeLogic.Rd:25: Lost braces in \itemize; meant \describe ? checkRd: (-1) nodeLogic.Rd:26: Lost braces in \itemize; meant \describe ? checkRd: (-1) nodeLogic.Rd:27: Lost braces in \itemize; meant \describe ? checkRd: (-1) nodeLogic.Rd:32: Lost braces in \itemize; meant \describe ? checkRd: (-1) nodeLogic.Rd:33: Lost braces in \itemize; meant \describe ? checkRd: (-1) nodeLogic.Rd:34: Lost braces in \itemize; meant \describe ? checkRd: (-1) nodeLogic.Rd:35: Lost braces in \itemize; meant \describe ? checkRd: (-1) nodeLogic.Rd:36: Lost braces in \itemize; meant \describe ? checkRd: (-1) nodeLogic.Rd:41: Lost braces in \itemize; meant \describe ? checkRd: (-1) nodeLogic.Rd:42: Lost braces in \itemize; meant \describe ? checkRd: (-1) nodeLogic.Rd:43: Lost braces in \itemize; meant \describe ? checkRd: (-1) nodeLogic.Rd:44: Lost braces in \itemize; meant \describe ? checkRd: (-1) nodeLogic.Rd:45: Lost braces in \itemize; meant \describe ? checkRd: (-1) nodeLogic.Rd:46: Lost braces in \itemize; meant \describe ? Flavors: r-devel-linux-x86_64-debian-clang, r-devel-linux-x86_64-debian-gcc, r-devel-linux-x86_64-fedora-clang, r-devel-linux-x86_64-fedora-gcc, r-devel-windows-x86_64, r-patched-linux-x86_64, r-release-linux-x86_64, r-release-macos-arm64, r-release-macos-x86_64, r-release-windows-x86_64, r-oldrel-macos-arm64, r-oldrel-macos-x86_64, r-oldrel-windows-x86_64

Version: 0.1.1
Check: for non-standard things in the check directory
Result: NOTE Found the following files/directories: ‘map.png’ ‘maze.html’ Flavors: r-devel-linux-x86_64-debian-clang, r-devel-linux-x86_64-debian-gcc, r-devel-linux-x86_64-fedora-clang, r-devel-linux-x86_64-fedora-gcc, r-patched-linux-x86_64, r-release-linux-x86_64

Version: 0.1.1
Check: dependencies in R code
Result: NOTE Namespaces in Imports field not imported from: ‘mgcv’ ‘stats’ All declared Imports should be used. Flavors: r-devel-linux-x86_64-fedora-clang, r-devel-linux-x86_64-fedora-gcc

Version: 0.1.1
Check: LazyData
Result: NOTE 'LazyData' is specified without a 'data' directory Flavors: r-oldrel-macos-arm64, r-oldrel-macos-x86_64, r-oldrel-windows-x86_64