Last updated on 2025-04-29 21:49:56 CEST.
Flavor | Version | Tinstall | Tcheck | Ttotal | Status | Flags |
---|---|---|---|---|---|---|
r-devel-linux-x86_64-debian-clang | 0.11.5 | 12.32 | 163.42 | 175.74 | NOTE | |
r-devel-linux-x86_64-debian-gcc | 0.11.5 | 9.32 | 99.80 | 109.12 | ERROR | |
r-devel-linux-x86_64-fedora-clang | 0.11.5 | 281.71 | OK | |||
r-devel-linux-x86_64-fedora-gcc | 0.11.5 | 270.78 | OK | |||
r-devel-windows-x86_64 | 0.11.5 | 18.00 | 196.00 | 214.00 | OK | |
r-patched-linux-x86_64 | 0.11.5 | 13.97 | 151.01 | 164.98 | OK | |
r-release-linux-x86_64 | 0.11.5 | 10.53 | 148.89 | 159.42 | OK | |
r-release-macos-arm64 | 0.11.5 | 88.00 | OK | |||
r-release-macos-x86_64 | 0.11.5 | 234.00 | OK | |||
r-release-windows-x86_64 | 0.11.5 | 19.00 | 189.00 | 208.00 | OK | |
r-oldrel-macos-arm64 | 0.11.5 | 82.00 | OK | |||
r-oldrel-macos-x86_64 | 0.11.5 | 142.00 | OK | |||
r-oldrel-windows-x86_64 | 0.11.5 | 21.00 | 225.00 | 246.00 | OK |
Version: 0.11.5
Check: examples
Result: NOTE
Examples with CPU (user + system) or elapsed time > 5s
user system elapsed
read.son 3.875 0.043 5.876
Flavor: r-devel-linux-x86_64-debian-clang
Version: 0.11.5
Check: re-building of vignette outputs
Result: ERROR
Error(s) in re-building vignettes:
...
--- re-building ‘networkDynamic.Rnw’ using Sweave
Loading required package: network
‘network’ 1.19.0 (2024-12-08), part of the Statnet Project
* ‘news(package="network")’ for changes since last version
* ‘citation("network")’ for citation information
* ‘https://statnet.org’ for help, support, and other information
‘networkDynamic’ 0.11.5 (2024-11-21), part of the Statnet Project
* ‘news(package="networkDynamic")’ for changes since last version
* ‘citation("networkDynamic")’ for citation information
* ‘https://statnet.org’ for help, support, and other information
trying URL 'https://github.com/bavla/Nets/raw/refs/heads/master/data/Pajek/esna/Sampson.zip'
Warning in download.file("https://github.com/bavla/Nets/raw/refs/heads/master/data/Pajek/esna/Sampson.zip", :
cannot open URL 'https://raw.githubusercontent.com/bavla/Nets/refs/heads/master/data/Pajek/esna/Sampson.zip': HTTP status was '429 Unknown Error'
Error: processing vignette 'networkDynamic.Rnw' failed with diagnostics:
chunk 47 (label = download_paj)
Error in download.file("https://github.com/bavla/Nets/raw/refs/heads/master/data/Pajek/esna/Sampson.zip", :
cannot open URL 'https://github.com/bavla/Nets/raw/refs/heads/master/data/Pajek/esna/Sampson.zip'
--- failed re-building ‘networkDynamic.Rnw’
SUMMARY: processing the following file failed:
‘networkDynamic.Rnw’
Error: Vignette re-building failed.
Execution halted
Flavor: r-devel-linux-x86_64-debian-gcc