Last updated on 2024-04-23 20:52:11 CEST.
Flavor | Version | Tinstall | Tcheck | Ttotal | Status | Flags |
---|---|---|---|---|---|---|
r-devel-linux-x86_64-debian-clang | 1.0.0 | 38.88 | 370.58 | 409.46 | NOTE | |
r-devel-linux-x86_64-debian-gcc | 1.0.0 | 30.33 | 270.29 | 300.62 | NOTE | |
r-devel-linux-x86_64-fedora-clang | 1.0.0 | 539.57 | NOTE | |||
r-devel-linux-x86_64-fedora-gcc | 1.0.0 | 536.48 | NOTE | |||
r-prerel-macos-arm64 | 1.0.0 | 130.00 | NOTE | |||
r-prerel-windows-x86_64 | 1.0.0 | 32.00 | 354.00 | 386.00 | NOTE | |
r-patched-linux-x86_64 | 1.0.0 | 44.50 | 351.07 | 395.57 | NOTE | |
r-release-linux-x86_64 | 1.0.0 | 38.55 | 351.68 | 390.23 | OK | |
r-release-macos-arm64 | 1.0.0 | 175.00 | OK | |||
r-release-macos-x86_64 | 1.0.0 | 292.00 | OK | |||
r-release-windows-x86_64 | 1.0.0 | 43.00 | 521.00 | 564.00 | OK | |
r-oldrel-macos-arm64 | 1.0.0 | 164.00 | OK | |||
r-oldrel-windows-x86_64 | 1.0.0 | 40.00 | 522.00 | 562.00 | OK |
Version: 1.0.0
Check: Rd files
Result: NOTE
checkRd: (-1) spec_clust.Rd:33: Lost braces; missing escapes or markup?
33 | A label vector of size n x 1 with elements in {1,2,...,K}
| ^
Flavors: r-devel-linux-x86_64-debian-clang, r-devel-linux-x86_64-debian-gcc, r-devel-linux-x86_64-fedora-clang, r-devel-linux-x86_64-fedora-gcc, r-prerel-macos-arm64, r-prerel-windows-x86_64, r-patched-linux-x86_64