CRAN Package Check Results for Package netregR

Last updated on 2025-11-02 23:49:45 CET.

Flavor Version Tinstall Tcheck Ttotal Status Flags
r-devel-linux-x86_64-debian-clang 1.0.1 6.68 67.00 73.68 NOTE
r-devel-linux-x86_64-debian-gcc 1.0.1 6.34 49.81 56.15 NOTE
r-devel-linux-x86_64-fedora-clang 1.0.1 19.00 98.65 117.65 OK
r-devel-linux-x86_64-fedora-gcc 1.0.1 20.00 133.99 153.99 OK
r-devel-windows-x86_64 1.0.1 10.00 80.00 90.00 OK
r-patched-linux-x86_64 1.0.1 9.87 63.79 73.66 OK
r-release-linux-x86_64 1.0.1 8.77 64.08 72.85 OK
r-release-macos-arm64 1.0.1 5.00 50.00 55.00 OK
r-release-macos-x86_64 1.0.1 16.00 106.00 122.00 OK
r-release-windows-x86_64 1.0.1 11.00 78.00 89.00 OK
r-oldrel-macos-arm64 1.0.1 5.00 39.00 44.00 OK
r-oldrel-macos-x86_64 1.0.1 16.00 82.00 98.00 OK
r-oldrel-windows-x86_64 1.0.1 15.00 98.00 113.00 OK

Check Details

Version: 1.0.1
Check: CRAN incoming feasibility
Result: NOTE Maintainer: ‘Frank W. Marrs <frank.marrs@colostate.edu>’ The Description field contains <arXiv:1701.05530>. Please refer to arXiv e-prints via their arXiv DOI <doi:10.48550/arXiv.YYMM.NNNNN>. Flavors: r-devel-linux-x86_64-debian-clang, r-devel-linux-x86_64-debian-gcc