Last updated on 2023-01-27 20:49:17 CET.
Flavor | Version | Tinstall | Tcheck | Ttotal | Status | Flags |
---|---|---|---|---|---|---|
r-devel-linux-x86_64-debian-clang | 1.2.0 | 180.19 | 133.02 | 313.21 | OK | |
r-devel-linux-x86_64-debian-gcc | 1.2.0 | 132.77 | 97.89 | 230.66 | NOTE | |
r-devel-linux-x86_64-fedora-clang | 1.2.0 | 460.54 | NOTE | |||
r-devel-linux-x86_64-fedora-gcc | 1.2.0 | 429.96 | NOTE | |||
r-patched-linux-x86_64 | 1.2.0 | 142.59 | 126.35 | 268.94 | OK | |
r-release-linux-x86_64 | 1.2.0 | 141.64 | 101.13 | 242.77 | OK | |
r-release-macos-arm64 | 1.2.0 | 103.00 | NOTE | |||
r-release-macos-x86_64 | 1.2.0 | 128.00 | NOTE | |||
r-release-windows-x86_64 | 1.2.0 | 334.00 | 190.00 | 524.00 | OK | |
r-oldrel-macos-arm64 | 1.2.0 | 114.00 | NOTE | |||
r-oldrel-macos-x86_64 | 1.2.0 | 150.00 | NOTE | |||
r-oldrel-windows-ix86+x86_64 | 1.2.0 | 437.00 | 200.00 | 637.00 | OK |
Version: 1.2.0
Check: C++ specification
Result: NOTE
Specified C++11: please update to current default of C++17
Flavors: r-devel-linux-x86_64-debian-gcc, r-devel-linux-x86_64-fedora-clang, r-devel-linux-x86_64-fedora-gcc
Version: 1.2.0
Check: installed package size
Result: NOTE
installed size is 7.1Mb
sub-directories of 1Mb or more:
doc 1.6Mb
libs 5.2Mb
Flavors: r-release-macos-arm64, r-release-macos-x86_64, r-oldrel-macos-arm64, r-oldrel-macos-x86_64