Last updated on 2024-03-28 19:48:38 CET.
Flavor | Version | Tinstall | Tcheck | Ttotal | Status | Flags |
---|---|---|---|---|---|---|
r-devel-linux-x86_64-debian-clang | 2.9-0 | 37.34 | 606.53 | 643.87 | OK | |
r-devel-linux-x86_64-debian-gcc | 2.9-0 | 31.92 | 446.92 | 478.84 | OK | |
r-devel-linux-x86_64-fedora-clang | 2.9-0 | 831.52 | NOTE | |||
r-devel-linux-x86_64-fedora-gcc | 2.9-0 | 681.42 | NOTE | |||
r-devel-windows-x86_64 | 2.9-0 | 32.00 | 495.00 | 527.00 | OK | |
r-patched-linux-x86_64 | 2.9-0 | 50.06 | 581.33 | 631.39 | OK | |
r-release-linux-x86_64 | 2.9-0 | 37.21 | 600.82 | 638.03 | OK | |
r-release-macos-arm64 | 2.9-0 | 159.00 | OK | |||
r-release-macos-x86_64 | 2.9-0 | 353.00 | OK | |||
r-release-windows-x86_64 | 2.9-0 | 44.00 | 644.00 | 688.00 | OK | |
r-oldrel-macos-arm64 | 2.9-0 | 148.00 | OK | |||
r-oldrel-windows-x86_64 | 2.9-0 | 48.00 | 617.00 | 665.00 | OK |
Version: 2.9-0
Check: Rd cross-references
Result: NOTE
Undeclared package ‘crossnma’ in Rd xrefs
Flavor: r-devel-linux-x86_64-fedora-clang
Version: 2.9-0
Check: data for non-ASCII characters
Result: NOTE
Note: found 2 marked UTF-8 strings
Flavors: r-devel-linux-x86_64-fedora-clang, r-devel-linux-x86_64-fedora-gcc