Last updated on 2025-02-06 19:49:30 CET.
Flavor | Version | Tinstall | Tcheck | Ttotal | Status | Flags |
---|---|---|---|---|---|---|
r-devel-linux-x86_64-debian-clang | 3.0-2 | 34.98 | 540.74 | 575.72 | OK | |
r-devel-linux-x86_64-debian-gcc | 3.1-0 | 23.99 | 340.63 | 364.62 | OK | |
r-devel-linux-x86_64-fedora-clang | 3.1-1 | 832.13 | OK | |||
r-devel-linux-x86_64-fedora-gcc | 3.1-1 | 757.75 | OK | |||
r-devel-windows-x86_64 | 3.0-2 | 34.00 | 574.00 | 608.00 | OK | |
r-patched-linux-x86_64 | 3.0-2 | 38.05 | 508.35 | 546.40 | NOTE | |
r-release-linux-x86_64 | 3.1-0 | 34.54 | 521.67 | 556.21 | OK | |
r-release-macos-arm64 | 3.1-0 | 207.00 | OK | |||
r-release-macos-x86_64 | 3.1-1 | 522.00 | OK | |||
r-release-windows-x86_64 | 3.1-0 | 35.00 | 480.00 | 515.00 | OK | |
r-oldrel-macos-arm64 | 2.9-0 | 159.00 | OK | |||
r-oldrel-macos-x86_64 | 2.9-0 | 353.00 | OK | |||
r-oldrel-windows-x86_64 | 3.1-0 | 39.00 | 533.00 | 572.00 | OK |
Version: 3.0-2
Check: package dependencies
Result: NOTE
Package suggested but not available for checking: ‘hasseDiagram’
Flavor: r-patched-linux-x86_64