Last updated on 2024-04-17 20:57:42 CEST.
Flavor | Version | Tinstall | Tcheck | Ttotal | Status | Flags |
---|---|---|---|---|---|---|
r-devel-linux-x86_64-debian-clang | 0.7.8 | 21.29 | 339.72 | 361.01 | OK | |
r-devel-linux-x86_64-debian-gcc | 0.7.8 | 19.27 | 258.42 | 277.69 | OK | |
r-devel-linux-x86_64-fedora-clang | 0.7.8 | 454.96 | OK | |||
r-devel-linux-x86_64-fedora-gcc | 0.7.8 | 458.88 | OK | |||
r-prerel-macos-arm64 | 0.7.8 | 124.00 | OK | |||
r-prerel-macos-x86_64 | 0.7.8 | 343.00 | OK | |||
r-prerel-windows-x86_64 | 0.7.8 | 19.00 | 268.00 | 287.00 | OK | |
r-patched-linux-x86_64 | 0.7.8 | 21.04 | 327.63 | 348.67 | OK | |
r-release-linux-x86_64 | 0.7.8 | 14.35 | 329.59 | 343.94 | NOTE | |
r-release-macos-arm64 | 0.7.8 | 136.00 | OK | |||
r-release-macos-x86_64 | 0.7.8 | 337.00 | OK | |||
r-release-windows-x86_64 | 0.7.8 | 25.00 | 351.00 | 376.00 | OK | |
r-oldrel-macos-arm64 | 0.7.8 | 117.00 | OK | |||
r-oldrel-windows-x86_64 | 0.7.8 | 26.00 | 352.00 | 378.00 | OK |
Version: 0.7.8
Check: package dependencies
Result: NOTE
Package suggested but not available for checking: ‘hsstan’
Flavor: r-release-linux-x86_64