Last updated on 2025-07-26 21:49:58 CEST.
Flavor | Version | Tinstall | Tcheck | Ttotal | Status | Flags |
---|---|---|---|---|---|---|
r-devel-linux-x86_64-debian-clang | 0.5.1 | 7.38 | 61.22 | 68.60 | NOTE | |
r-devel-linux-x86_64-debian-gcc | 0.5.1 | 4.98 | 44.87 | 49.85 | NOTE | |
r-devel-linux-x86_64-fedora-clang | 0.5.1 | 105.31 | NOTE | |||
r-devel-linux-x86_64-fedora-gcc | 0.5.1 | 98.66 | NOTE | |||
r-devel-windows-x86_64 | 0.5.1 | 7.00 | 73.00 | 80.00 | NOTE | |
r-patched-linux-x86_64 | 0.5.1 | 7.56 | 55.77 | 63.33 | NOTE | |
r-release-linux-x86_64 | 0.5.1 | 4.60 | 54.98 | 59.58 | NOTE | |
r-release-macos-arm64 | 0.5.1 | 43.00 | NOTE | |||
r-release-macos-x86_64 | 0.5.1 | 62.00 | NOTE | |||
r-release-windows-x86_64 | 0.5.1 | 8.00 | 74.00 | 82.00 | NOTE | |
r-oldrel-macos-arm64 | 0.5.1 | 34.00 | OK | |||
r-oldrel-macos-x86_64 | 0.5.1 | 47.00 | OK | |||
r-oldrel-windows-x86_64 | 0.5.1 | 10.00 | 93.00 | 103.00 | OK |
Version: 0.5.1
Check: DESCRIPTION meta-information
Result: NOTE
Missing dependency on R >= 4.1.0 because package code uses the pipe
|> or function shorthand \(...) syntax added in R 4.1.0.
File(s) using such syntax:
‘neon_cloud.R’
Flavors: r-devel-linux-x86_64-debian-clang, r-devel-linux-x86_64-debian-gcc, r-devel-linux-x86_64-fedora-clang, r-devel-linux-x86_64-fedora-gcc, r-devel-windows-x86_64, r-patched-linux-x86_64, r-release-linux-x86_64, r-release-macos-arm64, r-release-macos-x86_64, r-release-windows-x86_64