Last updated on 2024-07-17 20:57:05 CEST.
Flavor | Version | Tinstall | Tcheck | Ttotal | Status | Flags |
---|---|---|---|---|---|---|
r-devel-linux-x86_64-debian-clang | 2.4.2 | 9.49 | 64.73 | 74.22 | OK | |
r-devel-linux-x86_64-debian-gcc | 2.4.2 | 7.44 | 46.44 | 53.88 | OK | |
r-devel-linux-x86_64-fedora-clang | 2.4.2 | 89.63 | OK | |||
r-devel-linux-x86_64-fedora-gcc | 2.4.2 | 83.14 | OK | |||
r-devel-windows-x86_64 | 2.4.2 | 9.00 | 73.00 | 82.00 | OK | |
r-patched-linux-x86_64 | 2.4.2 | 7.56 | 59.63 | 67.19 | OK | |
r-release-linux-x86_64 | 2.4.2 | 6.61 | 59.69 | 66.30 | OK | |
r-release-macos-arm64 | 2.4.2 | 36.00 | OK | |||
r-release-macos-x86_64 | 2.4.2 | 55.00 | OK | |||
r-release-windows-x86_64 | 2.4.2 | 9.00 | 74.00 | 83.00 | OK | |
r-oldrel-macos-arm64 | 2.4.2 | 43.00 | NOTE | |||
r-oldrel-macos-x86_64 | 2.4.2 | 72.00 | NOTE | |||
r-oldrel-windows-x86_64 | 2.4.2 | 11.00 | 80.00 | 91.00 | OK |
Version: 2.4.2
Check: package dependencies
Result: NOTE
Package suggested but not available for checking: ‘rhdf5’
Flavors: r-oldrel-macos-arm64, r-oldrel-macos-x86_64