Last updated on 2025-11-18 19:50:01 CET.
| Flavor | Version | Tinstall | Tcheck | Ttotal | Status | Flags |
|---|---|---|---|---|---|---|
| r-devel-linux-x86_64-debian-clang | 0.1.1 | 7.33 | 47.71 | 55.04 | OK | |
| r-devel-linux-x86_64-debian-gcc | 0.1.1 | 4.59 | 35.03 | 39.62 | OK | |
| r-devel-linux-x86_64-fedora-clang | 0.1.1 | 17.00 | 66.03 | 83.03 | NOTE | |
| r-devel-linux-x86_64-fedora-gcc | 0.1.1 | 16.00 | 59.72 | 75.72 | NOTE | |
| r-devel-windows-x86_64 | 0.1.1 | 11.00 | 61.00 | 72.00 | OK | |
| r-patched-linux-x86_64 | 0.1.1 | 7.06 | 43.17 | 50.23 | OK | |
| r-release-linux-x86_64 | 0.1.1 | 6.71 | 43.47 | 50.18 | OK | |
| r-release-macos-arm64 | 0.1.1 | 3.00 | 34.00 | 37.00 | OK | |
| r-release-macos-x86_64 | 0.1.1 | 6.00 | 36.00 | 42.00 | OK | |
| r-release-windows-x86_64 | 0.1.1 | 10.00 | 61.00 | 71.00 | OK | |
| r-oldrel-macos-arm64 | 0.1.1 | 3.00 | 24.00 | 27.00 | NOTE | |
| r-oldrel-macos-x86_64 | 0.1.1 | 5.00 | 33.00 | 38.00 | NOTE | |
| r-oldrel-windows-x86_64 | 0.1.1 | 12.00 | 73.00 | 85.00 | NOTE |
Version: 0.1.1
Check: dependencies in R code
Result: NOTE
Namespaces in Imports field not imported from:
‘igraph’ ‘rlang’ ‘tidyselect’
All declared Imports should be used.
Flavors: r-devel-linux-x86_64-fedora-clang, r-devel-linux-x86_64-fedora-gcc
Version: 0.1.1
Check: LazyData
Result: NOTE
'LazyData' is specified without a 'data' directory
Flavors: r-oldrel-macos-arm64, r-oldrel-macos-x86_64, r-oldrel-windows-x86_64