Last updated on 2024-04-18 21:56:58 CEST.
Flavor | Version | Tinstall | Tcheck | Ttotal | Status | Flags |
---|---|---|---|---|---|---|
r-devel-linux-x86_64-debian-clang | 1.5.3 | 125.45 | 527.32 | 652.77 | OK | |
r-devel-linux-x86_64-debian-gcc | 1.5.3 | 113.08 | 379.15 | 492.23 | OK | |
r-devel-linux-x86_64-fedora-clang | 1.5.3 | 887.09 | OK | |||
r-devel-linux-x86_64-fedora-gcc | 1.5.3 | 869.85 | OK | |||
r-prerel-macos-arm64 | 1.5.3 | 214.00 | NOTE | |||
r-prerel-macos-x86_64 | 1.5.3 | 635.00 | NOTE | |||
r-prerel-windows-x86_64 | 1.5.3 | 95.00 | 368.00 | 463.00 | OK | |
r-patched-linux-x86_64 | 1.5.3 | 94.99 | 501.46 | 596.45 | OK | |
r-release-linux-x86_64 | 1.5.3 | 95.49 | 515.21 | 610.70 | OK | |
r-release-macos-arm64 | 1.5.3 | 208.00 | NOTE | |||
r-release-macos-x86_64 | 1.5.3 | 488.00 | NOTE | |||
r-release-windows-x86_64 | 1.5.3 | 128.00 | 468.00 | 596.00 | OK | |
r-oldrel-macos-arm64 | 1.5.3 | 191.00 | NOTE | |||
r-oldrel-windows-x86_64 | 1.5.3 | 118.00 | 409.00 | 527.00 | OK |
Version: 1.5.3
Check: installed package size
Result: NOTE
installed size is 29.3Mb
sub-directories of 1Mb or more:
libs 27.6Mb
Flavors: r-prerel-macos-arm64, r-prerel-macos-x86_64, r-release-macos-arm64, r-release-macos-x86_64, r-oldrel-macos-arm64