Last updated on 2024-05-06 20:50:10 CEST.
Flavor | Version | Tinstall | Tcheck | Ttotal | Status | Flags |
---|---|---|---|---|---|---|
r-devel-linux-x86_64-debian-clang | 0.2.18 | 30.73 | 69.95 | 100.68 | OK | |
r-devel-linux-x86_64-debian-gcc | 0.2.18 | 23.07 | 52.12 | 75.19 | OK | |
r-devel-linux-x86_64-fedora-clang | 0.2.18 | 129.75 | NOTE | |||
r-devel-linux-x86_64-fedora-gcc | 0.2.18 | 175.86 | NOTE | |||
r-devel-windows-x86_64 | 0.2.18 | 27.00 | 107.00 | 134.00 | OK | |
r-patched-linux-x86_64 | 0.2.18 | 21.42 | 67.79 | 89.21 | OK | |
r-release-linux-x86_64 | 0.2.18 | 20.97 | 65.42 | 86.39 | OK | |
r-release-macos-arm64 | 0.2.18 | 41.00 | OK | |||
r-release-windows-x86_64 | 0.2.18 | 25.00 | 103.00 | 128.00 | OK | |
r-oldrel-macos-arm64 | 0.2.18 | 46.00 | OK | |||
r-oldrel-macos-x86_64 | 0.2.18 | 60.00 | OK | |||
r-oldrel-windows-x86_64 | 0.2.18 | 34.00 | 118.00 | 152.00 | OK |
Version: 0.2.18
Check: data for non-ASCII characters
Result: NOTE
Note: found 7332 marked UTF-8 strings
Flavors: r-devel-linux-x86_64-fedora-clang, r-devel-linux-x86_64-fedora-gcc