CRAN Package Check Results for Package ncdf4

Last updated on 2023-05-30 21:58:48 CEST.

Flavor Version Tinstall Tcheck Ttotal Status Flags
r-devel-linux-x86_64-debian-clang 1.21 8.10 41.64 49.74 OK
r-devel-linux-x86_64-debian-gcc 1.21 7.29 31.51 38.80 OK
r-devel-linux-x86_64-fedora-clang 1.21 64.65 OK
r-devel-linux-x86_64-fedora-gcc 1.21 61.38 OK
r-devel-windows-x86_64 1.21 12.00 162.00 174.00 NOTE
r-patched-linux-x86_64 1.21 9.55 39.42 48.97 OK
r-release-linux-x86_64 1.21 9.04 39.89 48.93 OK
r-release-macos-arm64 1.21 27.00 NOTE
r-release-macos-x86_64 1.21 36.00 NOTE
r-release-windows-x86_64 1.21 16.00 198.00 214.00 NOTE
r-oldrel-macos-arm64 1.21 26.00 NOTE
r-oldrel-macos-x86_64 1.21 32.00 NOTE
r-oldrel-windows-x86_64 1.21 32.00 260.00 292.00 NOTE

Check Details

Version: 1.21
Check: installed package size
Result: NOTE
     installed size is 14.7Mb
     sub-directories of 1Mb or more:
     libs 14.4Mb
Flavors: r-devel-windows-x86_64, r-release-macos-arm64, r-release-macos-x86_64, r-release-windows-x86_64, r-oldrel-macos-arm64, r-oldrel-macos-x86_64, r-oldrel-windows-x86_64