Last updated on 2025-11-03 21:50:29 CET.
| Flavor | Version | Tinstall | Tcheck | Ttotal | Status | Flags | 
|---|---|---|---|---|---|---|
| r-devel-linux-x86_64-debian-clang | 0.5.0 | 2.45 | 25.99 | 28.44 | NOTE | |
| r-devel-linux-x86_64-debian-gcc | 0.5.0 | 1.65 | 20.47 | 22.12 | NOTE | |
| r-devel-linux-x86_64-fedora-clang | 0.5.0 | 41.69 | OK | |||
| r-devel-linux-x86_64-fedora-gcc | 0.5.0 | 39.41 | OK | |||
| r-devel-windows-x86_64 | 0.5.0 | 3.00 | 45.00 | 48.00 | OK | |
| r-patched-linux-x86_64 | 0.5.0 | 2.76 | 24.52 | 27.28 | OK | |
| r-release-linux-x86_64 | 0.5.0 | 2.32 | 24.40 | 26.72 | OK | |
| r-release-macos-arm64 | 0.5.0 | 1.00 | 15.00 | 16.00 | OK | |
| r-release-macos-x86_64 | 0.5.0 | 2.00 | 27.00 | 29.00 | OK | |
| r-release-windows-x86_64 | 0.5.0 | 3.00 | 44.00 | 47.00 | OK | |
| r-oldrel-macos-arm64 | 0.5.0 | 1.00 | 15.00 | 16.00 | OK | |
| r-oldrel-macos-x86_64 | 0.5.0 | 2.00 | 21.00 | 23.00 | OK | |
| r-oldrel-windows-x86_64 | 0.5.0 | 4.00 | 52.00 | 56.00 | OK | 
Version: 0.5.0
Check: CRAN incoming feasibility
Result: NOTE
  Maintainer: ‘Kyun-Seop Bae <k@acr.kr>’
  
  No Authors@R field in DESCRIPTION.
  Please add one, modifying
    Authors@R: person(given = "Kyun-Seop",
                      family = "Bae",
                      role = c("aut", "cre"),
                      email = "k@acr.kr")
  as necessary.
Flavors: r-devel-linux-x86_64-debian-clang, r-devel-linux-x86_64-debian-gcc