Last updated on 2024-08-15 20:48:21 CEST.
Flavor | Version | Tinstall | Tcheck | Ttotal | Status | Flags |
---|---|---|---|---|---|---|
r-devel-linux-x86_64-debian-clang | 0.1.4 | 5.08 | 31.41 | 36.49 | OK | |
r-devel-linux-x86_64-debian-gcc | 0.1.4 | 3.23 | 22.65 | 25.88 | OK | |
r-devel-linux-x86_64-fedora-clang | 0.1.4 | 58.96 | NOTE | |||
r-devel-linux-x86_64-fedora-gcc | 0.1.4 | 56.00 | OK | |||
r-devel-windows-x86_64 | 0.1.4 | 5.00 | 51.00 | 56.00 | OK | |
r-patched-linux-x86_64 | 0.1.4 | 5.37 | 29.95 | 35.32 | OK | |
r-release-linux-x86_64 | 0.1.4 | 5.36 | 29.53 | 34.89 | OK | |
r-release-macos-arm64 | 0.1.4 | 20.00 | OK | |||
r-release-macos-x86_64 | 0.1.4 | 45.00 | OK | |||
r-release-windows-x86_64 | 0.1.4 | 6.00 | 51.00 | 57.00 | OK | |
r-oldrel-macos-arm64 | 0.1.4 | 20.00 | OK | |||
r-oldrel-macos-x86_64 | 0.1.4 | 31.00 | OK | |||
r-oldrel-windows-x86_64 | 0.1.4 | 6.00 | 54.00 | 60.00 | OK |
Version: 0.1.4
Check: Rd cross-references
Result: NOTE
Undeclared package ‘CBPS’ in Rd xrefs
Flavor: r-devel-linux-x86_64-fedora-clang