Last updated on 2024-04-18 21:56:58 CEST.
Flavor | Version | Tinstall | Tcheck | Ttotal | Status | Flags |
---|---|---|---|---|---|---|
r-devel-linux-x86_64-debian-clang | 0.5.2 | 6.77 | 148.62 | 155.39 | OK | |
r-devel-linux-x86_64-debian-gcc | 0.5.2 | 6.51 | 112.70 | 119.21 | OK | |
r-devel-linux-x86_64-fedora-clang | 0.5.2 | 206.11 | NOTE | |||
r-devel-linux-x86_64-fedora-gcc | 0.5.2 | 211.20 | NOTE | |||
r-prerel-macos-arm64 | 0.5.2 | 62.00 | OK | |||
r-prerel-macos-x86_64 | 0.5.2 | 156.00 | OK | |||
r-prerel-windows-x86_64 | 0.5.2 | 11.00 | 126.00 | 137.00 | OK | |
r-patched-linux-x86_64 | 0.5.2 | 9.28 | 139.43 | 148.71 | OK | |
r-release-linux-x86_64 | 0.5.2 | 9.52 | 139.47 | 148.99 | OK | |
r-release-macos-arm64 | 0.5.2 | 75.00 | OK | |||
r-release-macos-x86_64 | 0.5.2 | 130.00 | OK | |||
r-release-windows-x86_64 | 0.5.2 | 12.00 | 155.00 | 167.00 | OK | |
r-oldrel-macos-arm64 | 0.5.2 | 67.00 | OK | |||
r-oldrel-windows-x86_64 | 0.5.2 | 12.00 | 159.00 | 171.00 | OK |
Version: 0.5.2
Check: data for non-ASCII characters
Result: NOTE
Note: found 5 marked Latin-1 strings
Note: found 7187 marked UTF-8 strings
Flavors: r-devel-linux-x86_64-fedora-clang, r-devel-linux-x86_64-fedora-gcc