Last updated on 2024-04-18 21:56:58 CEST.
Flavor | Version | Tinstall | Tcheck | Ttotal | Status | Flags |
---|---|---|---|---|---|---|
r-devel-linux-x86_64-debian-clang | 1.6.7 | 12.85 | 111.65 | 124.50 | OK | |
r-devel-linux-x86_64-debian-gcc | 1.6.7 | 7.95 | 82.02 | 89.97 | OK | |
r-devel-linux-x86_64-fedora-clang | 1.6.7 | 148.87 | OK | |||
r-devel-linux-x86_64-fedora-gcc | 1.6.7 | 163.97 | NOTE | |||
r-prerel-macos-arm64 | 1.6.7 | 68.00 | OK | |||
r-prerel-windows-x86_64 | 1.6.7 | 9.00 | 103.00 | 112.00 | OK | |
r-patched-linux-x86_64 | 1.6.7 | 16.53 | 104.09 | 120.62 | OK | |
r-release-linux-x86_64 | 1.6.7 | 6.83 | 101.87 | 108.70 | OK | |
r-release-macos-arm64 | 1.6.7 | 68.00 | OK | |||
r-release-macos-x86_64 | 1.6.7 | 95.00 | ERROR | |||
r-release-windows-x86_64 | 1.6.7 | 13.00 | 117.00 | 130.00 | OK | |
r-oldrel-macos-arm64 | 1.6.7 | 64.00 | OK | |||
r-oldrel-windows-x86_64 | 1.6.7 | 13.00 | 119.00 | 132.00 | OK |
Version: 1.6.7
Check: for detritus in the temp directory
Result: NOTE
Found the following files/directories:
‘Crashpad’
Flavor: r-devel-linux-x86_64-fedora-gcc
Version: 1.6.7
Check: re-building of vignette outputs
Result: ERROR
Error(s) in re-building vignettes:
...
--- re-building ‘NBLAST-Clustering.Rmd’ using rmarkdown
Pandoc is required to build R Markdown vignettes but not available. Please make sure it is installed.
2023-07-10 21:31:32.757 R[43986:2287591920] XType: Using static font registry.
Quitting from lines 57-60 [unnamed-chunk-5] (NBLAST-Clustering.Rmd)
Error: processing vignette 'NBLAST-Clustering.Rmd' failed with diagnostics:
Saving a widget with selfcontained = TRUE requires pandoc. See here to learn more https://bookdown.org/yihui/rmarkdown-cookbook/install-pandoc.html
--- failed re-building ‘NBLAST-Clustering.Rmd’
SUMMARY: processing the following file failed:
‘NBLAST-Clustering.Rmd’
Error: Vignette re-building failed.
Execution halted
Flavor: r-release-macos-x86_64