Last updated on 2025-11-19 20:49:59 CET.
| Flavor | Version | Tinstall | Tcheck | Ttotal | Status | Flags |
|---|---|---|---|---|---|---|
| r-devel-linux-x86_64-debian-clang | 0.2.2 | 4.92 | 51.22 | 56.14 | OK | |
| r-devel-linux-x86_64-debian-gcc | 0.2.2 | 3.82 | 35.68 | 39.50 | OK | |
| r-devel-linux-x86_64-fedora-clang | 0.2.2 | 11.00 | 75.02 | 86.02 | NOTE | |
| r-devel-linux-x86_64-fedora-gcc | 0.2.2 | 12.00 | 69.50 | 81.50 | NOTE | |
| r-devel-windows-x86_64 | 0.2.2 | 8.00 | 64.00 | 72.00 | OK | |
| r-patched-linux-x86_64 | 0.2.2 | 5.90 | 46.15 | 52.05 | OK | |
| r-release-linux-x86_64 | 0.2.2 | 4.79 | 46.51 | 51.30 | OK | |
| r-release-macos-arm64 | 0.2.2 | OK | ||||
| r-release-macos-x86_64 | 0.2.2 | 4.00 | 36.00 | 40.00 | OK | |
| r-release-windows-x86_64 | 0.2.2 | 6.00 | 64.00 | 70.00 | OK | |
| r-oldrel-macos-arm64 | 0.2.2 | OK | ||||
| r-oldrel-macos-x86_64 | 0.2.2 | 4.00 | 50.00 | 54.00 | OK | |
| r-oldrel-windows-x86_64 | 0.2.2 | 8.00 | 78.00 | 86.00 | OK |
Version: 0.2.2
Check: dependencies in R code
Result: NOTE
Namespace in Imports field not imported from: ‘Rdpack’
All declared Imports should be used.
Flavors: r-devel-linux-x86_64-fedora-clang, r-devel-linux-x86_64-fedora-gcc