Last updated on 2023-06-05 21:59:12 CEST.
Flavor | Version | Tinstall | Tcheck | Ttotal | Status | Flags |
---|---|---|---|---|---|---|
r-devel-linux-x86_64-debian-clang | 2020.4.1 | 2.11 | 29.72 | 31.83 | NOTE | |
r-devel-linux-x86_64-debian-gcc | 2020.4.1 | 1.93 | 23.22 | 25.15 | NOTE | |
r-devel-linux-x86_64-fedora-clang | 2020.4.1 | 42.58 | NOTE | |||
r-devel-linux-x86_64-fedora-gcc | 2020.4.1 | 57.47 | NOTE | |||
r-devel-windows-x86_64 | 2020.4.1 | 7.00 | 47.00 | 54.00 | NOTE | |
r-patched-linux-x86_64 | 2020.4.1 | 2.50 | 28.47 | 30.97 | NOTE | |
r-release-linux-x86_64 | 2020.4.1 | 1.78 | 28.17 | 29.95 | NOTE | |
r-release-macos-arm64 | 2020.4.1 | 25.00 | NOTE | |||
r-release-macos-x86_64 | 2020.4.1 | 41.00 | NOTE | |||
r-release-windows-x86_64 | 2020.4.1 | 5.00 | 48.00 | 53.00 | NOTE | |
r-oldrel-macos-arm64 | 2020.4.1 | 20.00 | NOTE | |||
r-oldrel-macos-x86_64 | 2020.4.1 | 27.00 | NOTE | |||
r-oldrel-windows-x86_64 | 2020.4.1 | 4.00 | 52.00 | 56.00 | NOTE |
Version: 2020.4.1
Check: package dependencies
Result: NOTE
Package suggested but not available for checking: ‘re2r’
Flavors: r-devel-linux-x86_64-debian-clang, r-devel-linux-x86_64-debian-gcc, r-devel-linux-x86_64-fedora-clang, r-devel-linux-x86_64-fedora-gcc, r-devel-windows-x86_64, r-patched-linux-x86_64, r-release-linux-x86_64, r-release-macos-arm64, r-release-macos-x86_64, r-release-windows-x86_64, r-oldrel-macos-arm64, r-oldrel-macos-x86_64, r-oldrel-windows-x86_64