Last updated on 2025-11-02 23:49:44 CET.
| Flavor | Version | Tinstall | Tcheck | Ttotal | Status | Flags | 
|---|---|---|---|---|---|---|
| r-devel-linux-x86_64-debian-clang | 0.5.0 | 45.36 | 32.25 | 77.61 | NOTE | |
| r-devel-linux-x86_64-debian-gcc | 0.5.0 | 34.37 | 26.28 | 60.65 | NOTE | |
| r-devel-linux-x86_64-fedora-clang | 0.5.0 | 88.00 | 46.50 | 134.50 | OK | |
| r-devel-linux-x86_64-fedora-gcc | 0.5.0 | 60.00 | 75.06 | 135.06 | OK | |
| r-devel-windows-x86_64 | 0.5.0 | 55.00 | 69.00 | 124.00 | OK | |
| r-patched-linux-x86_64 | 0.5.0 | 44.38 | 30.84 | 75.22 | OK | |
| r-release-linux-x86_64 | 0.5.0 | 49.50 | 30.63 | 80.13 | OK | |
| r-release-macos-arm64 | 0.5.0 | 20.00 | 21.00 | 41.00 | OK | |
| r-release-macos-x86_64 | 0.5.0 | 20.00 | 31.00 | 51.00 | OK | |
| r-release-windows-x86_64 | 0.5.0 | 55.00 | 67.00 | 122.00 | OK | |
| r-oldrel-macos-arm64 | 0.5.0 | 20.00 | 29.00 | 49.00 | NOTE | |
| r-oldrel-macos-x86_64 | 0.5.0 | 17.00 | 34.00 | 51.00 | NOTE | |
| r-oldrel-windows-x86_64 | 0.5.0 | 65.00 | 82.00 | 147.00 | OK | 
Version: 0.5.0
Check: CRAN incoming feasibility
Result: NOTE
  Maintainer: ‘Gregory Jefferis <jefferis@gmail.com>’
  
  No Authors@R field in DESCRIPTION.
  Please add one, modifying
    Authors@R: c(person(given = "Stephane",
                        family = "Mangenat",
                        role = "aut",
                        comment = "for 'libnabo'"),
                 person(given = "Gregory",
                        family = "Jefferis",
                        role = c("aut", "cre"),
                        email = "jefferis@gmail.com"))
  as necessary.
Flavors: r-devel-linux-x86_64-debian-clang, r-devel-linux-x86_64-debian-gcc
Version: 0.5.0
Check: installed package size
Result: NOTE
    installed size is  9.0Mb
    sub-directories of 1Mb or more:
      libs   8.9Mb
Flavors: r-oldrel-macos-arm64, r-oldrel-macos-x86_64