Last updated on 2024-04-17 20:57:42 CEST.
Flavor | Version | Tinstall | Tcheck | Ttotal | Status | Flags |
---|---|---|---|---|---|---|
r-devel-linux-x86_64-debian-clang | 1.4.9 | 3.89 | 108.67 | 112.56 | NOTE | |
r-devel-linux-x86_64-debian-gcc | 1.4.9 | 2.89 | 77.62 | 80.51 | NOTE | |
r-devel-linux-x86_64-fedora-clang | 1.4.9 | 138.52 | NOTE | |||
r-devel-linux-x86_64-fedora-gcc | 1.4.9 | 146.47 | NOTE | |||
r-prerel-macos-arm64 | 1.4.9 | 46.00 | NOTE | |||
r-prerel-windows-x86_64 | 1.4.9 | 4.00 | 93.00 | 97.00 | NOTE | |
r-patched-linux-x86_64 | 1.4.9 | 4.26 | 102.44 | 106.70 | NOTE | |
r-release-linux-x86_64 | 1.4.9 | 2.25 | 100.96 | 103.21 | OK | |
r-release-macos-arm64 | 1.4.9 | 51.00 | OK | |||
r-release-macos-x86_64 | 1.4.9 | 92.00 | OK | |||
r-release-windows-x86_64 | 1.4.9 | 5.00 | 111.00 | 116.00 | OK | |
r-oldrel-macos-arm64 | 1.4.9 | 37.00 | OK | |||
r-oldrel-windows-x86_64 | 1.4.9 | 5.00 | 140.00 | 145.00 | OK |
Version: 1.4.9
Check: Rd files
Result: NOTE
checkRd: (-1) check_input_event_times.Rd:16-17: Lost braces in \itemize; meant \describe ?
checkRd: (-1) check_input_event_times.Rd:18-19: Lost braces in \itemize; meant \describe ?
checkRd: (-1) check_time_unit.Rd:12-13: Lost braces in \itemize; meant \describe ?
checkRd: (-1) check_time_unit.Rd:14-15: Lost braces in \itemize; meant \describe ?
checkRd: (-1) default_params_doc.Rd:30-31: Lost braces in \itemize; meant \describe ?
checkRd: (-1) default_params_doc.Rd:32-33: Lost braces in \itemize; meant \describe ?
checkRd: (-1) nltt_diff_exact_brts.Rd:30: Lost braces in \itemize; meant \describe ?
checkRd: (-1) nltt_diff_exact_brts.Rd:31: Lost braces in \itemize; meant \describe ?
checkRd: (-1) nltt_diff_exact_brts.Rd:36-37: Lost braces in \itemize; meant \describe ?
checkRd: (-1) nltt_diff_exact_brts.Rd:38-39: Lost braces in \itemize; meant \describe ?
checkRd: (-1) nltt_diff_exact_extinct.Rd:31: Lost braces in \itemize; meant \describe ?
checkRd: (-1) nltt_diff_exact_extinct.Rd:32: Lost braces in \itemize; meant \describe ?
checkRd: (-1) nltt_diff_exact_extinct.Rd:37-38: Lost braces in \itemize; meant \describe ?
checkRd: (-1) nltt_diff_exact_extinct.Rd:39-40: Lost braces in \itemize; meant \describe ?
Flavors: r-devel-linux-x86_64-debian-clang, r-devel-linux-x86_64-debian-gcc, r-devel-linux-x86_64-fedora-clang, r-devel-linux-x86_64-fedora-gcc, r-prerel-macos-arm64, r-prerel-windows-x86_64, r-patched-linux-x86_64