Last updated on 2025-02-06 19:49:30 CET.
Flavor | Version | Tinstall | Tcheck | Ttotal | Status | Flags |
---|---|---|---|---|---|---|
r-devel-linux-x86_64-debian-clang | 0.1.1 | 3.30 | 26.63 | 29.93 | OK | |
r-devel-linux-x86_64-debian-gcc | 0.1.1 | 2.33 | 20.75 | 23.08 | OK | |
r-devel-linux-x86_64-fedora-clang | 0.1.1 | 47.37 | NOTE | |||
r-devel-linux-x86_64-fedora-gcc | 0.1.1 | 45.02 | NOTE | |||
r-devel-windows-x86_64 | 0.1.1 | 5.00 | 57.00 | 62.00 | OK | |
r-patched-linux-x86_64 | 0.1.1 | 3.29 | 25.61 | 28.90 | NOTE | |
r-release-linux-x86_64 | 0.1.1 | 3.03 | 25.56 | 28.59 | NOTE | |
r-release-macos-arm64 | 0.1.1 | 37.00 | NOTE | |||
r-release-macos-x86_64 | 0.1.1 | 47.00 | NOTE | |||
r-release-windows-x86_64 | 0.1.1 | 5.00 | 55.00 | 60.00 | NOTE | |
r-oldrel-macos-arm64 | 0.1.1 | 24.00 | NOTE | |||
r-oldrel-macos-x86_64 | 0.1.1 | 33.00 | NOTE | |||
r-oldrel-windows-x86_64 | 0.1.1 | 5.00 | 60.00 | 65.00 | NOTE |
Version: 0.1.1
Check: dependencies in R code
Result: NOTE
Namespace in Imports field not imported from: ‘rjson’
All declared Imports should be used.
Flavors: r-devel-linux-x86_64-fedora-clang, r-devel-linux-x86_64-fedora-gcc
Version: 0.1.1
Check: LazyData
Result: NOTE
'LazyData' is specified without a 'data' directory
Flavors: r-patched-linux-x86_64, r-release-linux-x86_64, r-release-macos-arm64, r-release-macos-x86_64, r-release-windows-x86_64, r-oldrel-macos-arm64, r-oldrel-macos-x86_64, r-oldrel-windows-x86_64