CRAN Package Check Results for Package nCov2019

Last updated on 2022-11-26 19:55:22 CET.

Flavor Version Tinstall Tcheck Ttotal Status Flags
r-devel-linux-x86_64-debian-clang 0.4.5 5.89 109.12 115.01 OK
r-devel-linux-x86_64-debian-gcc 0.4.5 4.10 85.09 89.19 OK
r-devel-linux-x86_64-fedora-clang 0.4.5 151.24 NOTE
r-devel-linux-x86_64-fedora-gcc 0.4.5 147.97 OK
r-devel-windows-x86_64 0.4.5 21.00 162.00 183.00 NOTE
r-patched-linux-x86_64 0.4.5 OK
r-release-linux-x86_64 0.4.5 5.74 105.10 110.84 OK
r-release-macos-arm64 0.4.5 63.00 NOTE
r-release-macos-x86_64 0.4.5 113.00 NOTE
r-release-windows-x86_64 0.4.5 38.00 165.00 203.00 NOTE
r-oldrel-macos-arm64 0.4.5 85.00 NOTE
r-oldrel-macos-x86_64 0.4.5 69.00 NOTE
r-oldrel-windows-ix86+x86_64 0.4.5 16.00 150.00 166.00 NOTE

Check Details

Version: 0.4.5
Check: installed package size
Result: NOTE
     installed size is 6.4Mb
     sub-directories of 1Mb or more:
     doc 5.4Mb
Flavors: r-devel-linux-x86_64-fedora-clang, r-devel-windows-x86_64, r-release-macos-arm64, r-release-macos-x86_64, r-release-windows-x86_64, r-oldrel-macos-arm64, r-oldrel-macos-x86_64, r-oldrel-windows-ix86+x86_64