Last updated on 2025-05-09 20:49:56 CEST.
Flavor | Version | Tinstall | Tcheck | Ttotal | Status | Flags |
---|---|---|---|---|---|---|
r-devel-linux-x86_64-debian-clang | 1.0 | 1.53 | 16.81 | 18.34 | NOTE | |
r-devel-linux-x86_64-debian-gcc | 1.0 | 1.37 | 14.10 | 15.47 | NOTE | |
r-devel-linux-x86_64-fedora-clang | 1.0 | 29.01 | OK | |||
r-devel-linux-x86_64-fedora-gcc | 1.0 | 27.31 | OK | |||
r-devel-windows-x86_64 | 1.0 | 3.00 | 39.00 | 42.00 | OK | |
r-patched-linux-x86_64 | 1.0 | 1.61 | 16.24 | 17.85 | OK | |
r-release-linux-x86_64 | 1.0 | 1.61 | 16.03 | 17.64 | OK | |
r-release-macos-arm64 | 1.0 | 14.00 | OK | |||
r-release-macos-x86_64 | 1.0 | 24.00 | OK | |||
r-release-windows-x86_64 | 1.0 | 2.00 | 41.00 | 43.00 | OK | |
r-oldrel-macos-arm64 | 1.0 | 13.00 | OK | |||
r-oldrel-macos-x86_64 | 1.0 | 19.00 | OK | |||
r-oldrel-windows-x86_64 | 1.0 | 2.00 | 37.00 | 39.00 | OK |
Version: 1.0
Check: CRAN incoming feasibility
Result: NOTE
Maintainer: ‘Elizabeth Gonzalez Estrada <egonzalez@colpos.mx>’
No Authors@R field in DESCRIPTION.
Please add one, modifying
Authors@R: c(person(given = "Elizabeth",
family = "Gonzalez-Estrada",
role = "aut"),
person(given = c("Jose", "A."),
family = "Villasenor-Alva",
role = "aut"),
person(given = c("Elizabeth", "Gonzalez"),
family = "Estrada",
role = "cre",
email = "egonzalez@colpos.mx"))
as necessary.
Flavors: r-devel-linux-x86_64-debian-clang, r-devel-linux-x86_64-debian-gcc