Last updated on 2025-05-03 21:51:25 CEST.
Flavor | Version | Tinstall | Tcheck | Ttotal | Status | Flags |
---|---|---|---|---|---|---|
r-devel-linux-x86_64-debian-clang | 0.1-10 | 3.97 | 165.16 | 169.13 | NOTE | |
r-devel-linux-x86_64-debian-gcc | 0.1-10 | 2.64 | 103.87 | 106.51 | NOTE | |
r-devel-linux-x86_64-fedora-clang | 0.1-10 | 284.63 | OK | |||
r-devel-linux-x86_64-fedora-gcc | 0.1-10 | 274.76 | OK | |||
r-devel-windows-x86_64 | 0.1-10 | 5.00 | 190.00 | 195.00 | OK | |
r-patched-linux-x86_64 | 0.1-10 | 3.76 | 160.10 | 163.86 | OK | |
r-release-linux-x86_64 | OK | |||||
r-release-macos-arm64 | 0.1-10 | 72.00 | OK | |||
r-release-macos-x86_64 | 0.1-10 | 158.00 | OK | |||
r-release-windows-x86_64 | 0.1-10 | 5.00 | 181.00 | 186.00 | OK | |
r-oldrel-macos-arm64 | 0.1-10 | 69.00 | OK | |||
r-oldrel-macos-x86_64 | 0.1-10 | 118.00 | OK | |||
r-oldrel-windows-x86_64 | 0.1-10 | 6.00 | 245.00 | 251.00 | OK |
Version: 0.1-10
Check: CRAN incoming feasibility
Result: NOTE
Maintainer: ‘Arne Henningsen <arne.henningsen@gmail.com>’
No Authors@R field in DESCRIPTION.
Please add one, modifying
Authors@R: person(given = "Arne",
family = "Henningsen",
role = c("aut", "cre"),
email = "arne.henningsen@gmail.com")
as necessary.
Flavors: r-devel-linux-x86_64-debian-clang, r-devel-linux-x86_64-debian-gcc