CRAN Package Check Results for Package mutossGUI

Last updated on 2025-05-03 21:51:24 CEST.

Flavor Version Tinstall Tcheck Ttotal Status Flags
r-devel-linux-x86_64-debian-clang 0.1-12 9.77 83.09 92.86 NOTE
r-devel-linux-x86_64-debian-gcc 0.1-12 7.08 63.11 70.19 NOTE
r-devel-linux-x86_64-fedora-clang 0.1-12 151.30 OK
r-devel-linux-x86_64-fedora-gcc 0.1-12 139.40 OK
r-devel-windows-x86_64 0.1-12 12.00 88.00 100.00 OK
r-patched-linux-x86_64 0.1-12 8.56 81.28 89.84 OK
r-release-linux-x86_64 OK
r-release-macos-arm64 0.1-12 49.00 OK
r-release-macos-x86_64 0.1-12 92.00 OK
r-release-windows-x86_64 0.1-12 12.00 89.00 101.00 OK
r-oldrel-macos-arm64 0.1-12 44.00 OK
r-oldrel-macos-x86_64 0.1-12 66.00 OK
r-oldrel-windows-x86_64 0.1-12 14.00 111.00 125.00 OK

Check Details

Version: 0.1-12
Check: CRAN incoming feasibility
Result: NOTE Maintainer: ‘Kornelius Rohmeyer <rohmeyer@small-projects.de>’ No Authors@R field in DESCRIPTION. Please add one, modifying Authors@R: c(person(given = c("MuToss", "Coding"), family = "Team", role = "aut", comment = "Berlin 2010"), person(given = "Gilles", family = "Blanchard", role = "aut"), person(given = "Thorsten", family = "Dickhaus", role = "aut"), person(given = "Niklas", family = "Hack", role = "aut"), person(given = "Frank", family = "Konietschke", role = "aut"), person(given = "Kornelius", family = "Rohmeyer", role = c("aut", "cre"), email = "rohmeyer@small-projects.de"), person(given = "Jonathan", family = "Rosenblatt", role = "aut"), person(given = "Marsel", family = "Scheer", role = "aut"), person(given = "Wiebke", family = "Werft", role = "aut")) as necessary. Flavors: r-devel-linux-x86_64-debian-clang, r-devel-linux-x86_64-debian-gcc