Last updated on 2024-07-17 20:57:05 CEST.
Flavor | Version | Tinstall | Tcheck | Ttotal | Status | Flags |
---|---|---|---|---|---|---|
r-devel-linux-x86_64-debian-clang | 1.0 | 2.33 | 39.96 | 42.29 | OK | |
r-devel-linux-x86_64-debian-gcc | 1.0 | 2.26 | 29.63 | 31.89 | OK | |
r-devel-linux-x86_64-fedora-clang | 1.0 | 56.35 | NOTE | |||
r-devel-linux-x86_64-fedora-gcc | 1.0 | 52.09 | OK | |||
r-devel-windows-x86_64 | 1.0 | 4.00 | 50.00 | 54.00 | OK | |
r-patched-linux-x86_64 | 1.0 | 3.70 | 38.36 | 42.06 | OK | |
r-release-linux-x86_64 | 1.0 | 3.03 | 38.52 | 41.55 | OK | |
r-release-macos-arm64 | 1.0 | 21.00 | OK | |||
r-release-macos-x86_64 | 1.0 | 43.00 | OK | |||
r-release-windows-x86_64 | 1.0 | 4.00 | 51.00 | 55.00 | OK | |
r-oldrel-macos-arm64 | 1.0 | 26.00 | OK | |||
r-oldrel-macos-x86_64 | 1.0 | 38.00 | OK | |||
r-oldrel-windows-x86_64 | 1.0 | 4.00 | 56.00 | 60.00 | OK |
Version: 1.0
Check: Rd cross-references
Result: NOTE
Undeclared package ‘tuneR’ in Rd xrefs
Flavor: r-devel-linux-x86_64-fedora-clang