Last updated on 2025-11-11 20:50:41 CET.
| Flavor | Version | Tinstall | Tcheck | Ttotal | Status | Flags |
|---|---|---|---|---|---|---|
| r-devel-linux-x86_64-debian-clang | 1.2.5 | 4.13 | 141.09 | 145.22 | NOTE | |
| r-devel-linux-x86_64-debian-gcc | 1.2.5 | 2.62 | 99.54 | 102.16 | NOTE | |
| r-devel-linux-x86_64-fedora-clang | 1.2.5 | 228.17 | OK | |||
| r-devel-linux-x86_64-fedora-gcc | 1.2.5 | 237.06 | OK | |||
| r-devel-windows-x86_64 | 1.2.5 | 6.00 | 149.00 | 155.00 | OK | |
| r-patched-linux-x86_64 | 1.2.5 | 3.85 | 133.85 | 137.70 | OK | |
| r-release-linux-x86_64 | 1.2.5 | 3.58 | 136.39 | 139.97 | OK | |
| r-release-macos-arm64 | 1.2.5 | 3.00 | 124.00 | 127.00 | OK | |
| r-release-macos-x86_64 | 1.2.5 | 3.00 | 127.00 | 130.00 | OK | |
| r-release-windows-x86_64 | 1.2.5 | 6.00 | 148.00 | 154.00 | OK | |
| r-oldrel-macos-arm64 | 1.2.5 | 2.00 | 69.00 | 71.00 | OK | |
| r-oldrel-macos-x86_64 | 1.2.5 | 3.00 | 102.00 | 105.00 | OK | |
| r-oldrel-windows-x86_64 | 1.2.5 | 8.00 | 188.00 | 196.00 | OK |
Version: 1.2.5
Check: CRAN incoming feasibility
Result: NOTE
Maintainer: ‘Alessandro Santuz <alessandro.santuz@gmail.com>’
Package CITATION file contains call(s) to old-style citEntry(). Please
use bibentry() instead.
Flavors: r-devel-linux-x86_64-debian-clang, r-devel-linux-x86_64-debian-gcc