Last updated on 2025-05-07 20:49:50 CEST.
Flavor | Version | Tinstall | Tcheck | Ttotal | Status | Flags |
---|---|---|---|---|---|---|
r-devel-linux-x86_64-debian-clang | 0.1.1 | 2.67 | 23.15 | 25.82 | NOTE | |
r-devel-linux-x86_64-debian-gcc | 0.1.1 | 2.13 | 17.98 | 20.11 | NOTE | |
r-devel-linux-x86_64-fedora-clang | 0.1.1 | 41.79 | OK | |||
r-devel-linux-x86_64-fedora-gcc | 0.1.1 | 39.22 | OK | |||
r-devel-windows-x86_64 | 0.1.1 | 3.00 | 45.00 | 48.00 | OK | |
r-patched-linux-x86_64 | 0.1.1 | 2.61 | 22.17 | 24.78 | OK | |
r-release-linux-x86_64 | 0.1.1 | 2.80 | 23.03 | 25.83 | OK | |
r-release-macos-arm64 | 0.1.1 | 19.00 | OK | |||
r-release-macos-x86_64 | 0.1.1 | 28.00 | OK | |||
r-release-windows-x86_64 | 0.1.1 | 5.00 | 45.00 | 50.00 | OK | |
r-oldrel-macos-arm64 | 0.1.1 | 16.00 | OK | |||
r-oldrel-macos-x86_64 | 0.1.1 | 26.00 | OK | |||
r-oldrel-windows-x86_64 | 0.1.1 | 4.00 | 47.00 | 51.00 | OK |
Version: 0.1.1
Check: CRAN incoming feasibility
Result: NOTE
Maintainer: ‘Eric Nantz <eric.nantz@gmail.com>’
No Authors@R field in DESCRIPTION.
Please add one, modifying
Authors@R: c(person(given = "Alex",
family = "Dmitrienko",
role = "aut"),
person(given = "Eric",
family = "Nantz",
role = c("aut", "cre"),
email = "eric.nantz@gmail.com"),
person(given = "Gautier",
family = "Paux",
role = "aut"),
person(given = c("with", "contributions", "by", "Thomas"),
family = "Brechenmacher",
role = "aut"))
as necessary.
Flavors: r-devel-linux-x86_64-debian-clang, r-devel-linux-x86_64-debian-gcc