CRAN Package Check Results for Package multipanelfigure

Last updated on 2022-12-02 20:53:20 CET.

Flavor Version Tinstall Tcheck Ttotal Status Flags
r-devel-linux-x86_64-debian-clang 2.1.2 7.59 97.22 104.81 OK
r-devel-linux-x86_64-debian-gcc 2.1.2 5.53 70.61 76.14 OK
r-devel-linux-x86_64-fedora-clang 2.1.2 135.90 OK
r-devel-linux-x86_64-fedora-gcc 2.1.2 131.76 OK
r-devel-windows-x86_64 2.1.2 76.00 131.00 207.00 OK
r-patched-linux-x86_64 2.1.2 7.90 86.31 94.21 OK
r-release-linux-x86_64 2.1.2 7.95 84.33 92.28 OK
r-release-macos-arm64 2.1.2 42.00 NOTE
r-release-macos-x86_64 2.1.2 70.00 OK
r-release-windows-x86_64 2.1.2 71.00 137.00 208.00 OK
r-oldrel-macos-arm64 2.1.2 49.00 NOTE
r-oldrel-macos-x86_64 2.1.2 75.00 OK
r-oldrel-windows-ix86+x86_64 2.1.2 18.00 122.00 140.00 OK

Check Details

Version: 2.1.2
Check: package dependencies
Result: NOTE
    Package suggested but not available for checking: ‘ComplexHeatmap’
Flavors: r-release-macos-arm64, r-oldrel-macos-arm64

Version: 2.1.2
Check: Rd cross-references
Result: NOTE
    Package unavailable to check Rd xrefs: ‘ComplexHeatmap’
Flavors: r-release-macos-arm64, r-oldrel-macos-arm64