Last updated on 2024-04-18 21:56:57 CEST.
Flavor | Version | Tinstall | Tcheck | Ttotal | Status | Flags |
---|---|---|---|---|---|---|
r-devel-linux-x86_64-debian-clang | 0.6.1 | 2077.69 | 577.69 | 2655.38 | NOTE | |
r-devel-linux-x86_64-debian-gcc | 0.6.1 | 1817.89 | 503.98 | 2321.87 | NOTE | |
r-devel-linux-x86_64-fedora-clang | 0.6.1 | 2945.10 | NOTE | |||
r-devel-linux-x86_64-fedora-gcc | 0.6.1 | 4015.71 | NOTE | |||
r-prerel-macos-arm64 | 0.6.1 | 754.00 | NOTE | |||
r-prerel-macos-x86_64 | 0.6.1 | 779.00 | NOTE | |||
r-prerel-windows-x86_64 | 0.6.1 | 1343.00 | 510.00 | 1853.00 | NOTE | |
r-patched-linux-x86_64 | 0.6.1 | 1410.77 | 665.33 | 2076.10 | NOTE | |
r-release-linux-x86_64 | 0.6.1 | 0.01 | 4.22 | 4.23 | ERROR | |
r-release-macos-arm64 | 0.6.1 | 742.00 | NOTE | |||
r-release-macos-x86_64 | 0.6.1 | 769.00 | NOTE | |||
r-release-windows-x86_64 | 0.6.1 | 1810.00 | 680.00 | 2490.00 | NOTE | |
r-oldrel-macos-arm64 | 0.6.1 | 672.00 | NOTE | |||
r-oldrel-windows-x86_64 | 0.6.1 | 1762.00 | 630.00 | 2392.00 | NOTE |
Version: 0.6.1
Check: for GNU extensions in Makefiles
Result: NOTE
GNU make is a SystemRequirements.
Flavors: r-devel-linux-x86_64-debian-clang, r-devel-linux-x86_64-debian-gcc, r-devel-linux-x86_64-fedora-clang, r-devel-linux-x86_64-fedora-gcc, r-prerel-macos-arm64, r-prerel-macos-x86_64, r-prerel-windows-x86_64, r-patched-linux-x86_64, r-release-macos-arm64, r-release-macos-x86_64, r-release-windows-x86_64, r-oldrel-macos-arm64, r-oldrel-windows-x86_64
Version: 0.6.1
Check: package dependencies
Result: NOTE
Imports includes 23 non-default packages.
Importing from so many packages makes the package vulnerable to any of
them becoming unavailable. Move as many as possible to Suggests and
use conditionally.
Flavor: r-devel-linux-x86_64-fedora-clang
Version: 0.6.1
Check: installed package size
Result: NOTE
installed size is 24.8Mb
sub-directories of 1Mb or more:
R 1.2Mb
doc 4.4Mb
libs 18.5Mb
Flavors: r-devel-linux-x86_64-fedora-clang, r-prerel-macos-arm64, r-prerel-macos-x86_64, r-prerel-windows-x86_64, r-release-macos-arm64, r-release-macos-x86_64, r-release-windows-x86_64, r-oldrel-macos-arm64, r-oldrel-windows-x86_64
Version: 0.6.1
Check: whether package can be installed
Result: ERROR
Installation failed.
Flavor: r-release-linux-x86_64