Last updated on 2024-04-22 20:53:43 CEST.
Flavor | Version | Tinstall | Tcheck | Ttotal | Status | Flags |
---|---|---|---|---|---|---|
r-devel-linux-x86_64-debian-clang | 0.4.5 | 4.28 | 48.46 | 52.74 | NOTE | |
r-devel-linux-x86_64-debian-gcc | 0.4.5 | 3.65 | 34.79 | 38.44 | NOTE | |
r-devel-linux-x86_64-fedora-clang | 0.4.5 | 65.26 | NOTE | |||
r-devel-linux-x86_64-fedora-gcc | 0.4.5 | 60.81 | NOTE | |||
r-prerel-macos-arm64 | 0.4.5 | 23.00 | NOTE | |||
r-prerel-windows-x86_64 | 0.4.5 | 5.00 | 57.00 | 62.00 | NOTE | |
r-patched-linux-x86_64 | 0.4.5 | 6.48 | 44.43 | 50.91 | NOTE | |
r-release-linux-x86_64 | 0.4.5 | 4.46 | 44.31 | 48.77 | OK | |
r-release-macos-arm64 | 0.4.5 | 18.00 | OK | |||
r-release-macos-x86_64 | 0.4.5 | 49.00 | OK | |||
r-release-windows-x86_64 | 0.4.5 | 6.00 | 61.00 | 67.00 | OK | |
r-oldrel-macos-arm64 | 0.4.5 | 17.00 | OK | |||
r-oldrel-windows-x86_64 | 0.4.5 | 6.00 | 61.00 | 67.00 | OK |
Version: 0.4.5
Check: Rd \usage sections
Result: NOTE
Documented arguments not in \usage in Rd file 'Trace.Rd':
‘x’
Documented arguments not in \usage in Rd file 'iteraite_fun_Iter.Rd':
‘The’
Documented arguments not in \usage in Rd file 'prepare_data.Rd':
‘The’
Documented arguments not in \usage in Rd file 'project.Rd':
‘x’
Documented arguments not in \usage in Rd file 'select_initial_Iter.Rd':
‘X’ ‘parametrs’
Documented arguments not in \usage in Rd file 'similarity_function.Rd':
‘x’
Documented arguments not in \usage in Rd file 'similarity_noncum.Rd':
‘x’
Functions with \usage entries need to have the appropriate \alias
entries, and all their arguments documented.
The \usage entries must correspond to syntactically valid R code.
See chapter ‘Writing R documentation files’ in the ‘Writing R
Extensions’ manual.
Flavors: r-devel-linux-x86_64-debian-clang, r-devel-linux-x86_64-debian-gcc, r-devel-linux-x86_64-fedora-clang, r-devel-linux-x86_64-fedora-gcc, r-prerel-macos-arm64, r-prerel-windows-x86_64, r-patched-linux-x86_64