Last updated on 2025-05-06 20:50:46 CEST.
Flavor | Version | Tinstall | Tcheck | Ttotal | Status | Flags |
---|---|---|---|---|---|---|
r-devel-linux-x86_64-debian-clang | 1.0.1 | 17.94 | 27.19 | 45.13 | NOTE | |
r-devel-linux-x86_64-debian-gcc | 1.0.1 | 13.63 | 21.28 | 34.91 | NOTE | |
r-devel-linux-x86_64-fedora-clang | 1.0.1 | 77.34 | OK | |||
r-devel-linux-x86_64-fedora-gcc | 1.0.1 | 79.94 | OK | |||
r-devel-windows-x86_64 | 1.0.1 | 21.00 | 65.00 | 86.00 | OK | |
r-patched-linux-x86_64 | 1.0.1 | 18.17 | 26.46 | 44.63 | OK | |
r-release-linux-x86_64 | 1.0.1 | 19.09 | 25.99 | 45.08 | OK | |
r-release-macos-arm64 | 1.0.1 | 27.00 | OK | |||
r-release-macos-x86_64 | 1.0.1 | 44.00 | OK | |||
r-release-windows-x86_64 | 1.0.1 | 23.00 | 66.00 | 89.00 | OK | |
r-oldrel-macos-arm64 | 1.0.1 | 29.00 | OK | |||
r-oldrel-macos-x86_64 | 1.0.1 | 36.00 | OK | |||
r-oldrel-windows-x86_64 | 1.0.1 | 26.00 | 75.00 | 101.00 | OK |
Version: 1.0.1
Check: CRAN incoming feasibility
Result: NOTE
Maintainer: ‘James Curran <j.curran@auckland.ac.nz>’
No Authors@R field in DESCRIPTION.
Please add one, modifying
Authors@R: c(person(given = "James",
family = "Curran",
role = c("aut", "cre"),
email = "j.curran@auckland.ac.nz"),
person(given = "Aaron",
family = "Williams",
role = "aut"),
person(given = "Jerome",
family = "Kelleher",
role = "aut"),
person(given = "Dave",
family = "Barber",
role = "aut"))
as necessary.
Flavors: r-devel-linux-x86_64-debian-clang, r-devel-linux-x86_64-debian-gcc