Last updated on 2023-12-02 19:53:58 CET.
Flavor | Version | Tinstall | Tcheck | Ttotal | Status | Flags |
---|---|---|---|---|---|---|
r-devel-linux-x86_64-debian-clang | 1.2.2 | 16.07 | 137.01 | 153.08 | NOTE | |
r-devel-linux-x86_64-debian-gcc | 1.2.2 | 12.87 | 105.64 | 118.51 | NOTE | |
r-devel-linux-x86_64-fedora-clang | 1.2.2 | 200.99 | OK | |||
r-devel-linux-x86_64-fedora-gcc | 1.2.2 | 189.60 | OK | |||
r-devel-windows-x86_64 | 1.2.2 | 14.00 | 119.00 | 133.00 | OK | |
r-patched-linux-x86_64 | 1.2.2 | 16.38 | 131.08 | 147.46 | OK | |
r-release-linux-x86_64 | 1.2.2 | 10.96 | 125.91 | 136.87 | OK | |
r-release-macos-arm64 | 1.2.2 | 59.00 | OK | |||
r-release-macos-x86_64 | 1.2.2 | 96.00 | OK | |||
r-release-windows-x86_64 | 1.2.2 | 19.00 | 145.00 | 164.00 | OK | |
r-oldrel-macos-arm64 | 1.2.2 | 74.00 | OK | |||
r-oldrel-macos-x86_64 | 1.2.2 | 124.00 | OK | |||
r-oldrel-windows-x86_64 | 1.2.2 | 18.00 | 155.00 | 173.00 | OK |
Version: 1.2.2
Check: Rd files
Result: NOTE
checkRd: (-1) PPCA.Rd:35: Lost braces
35 | Returns an object of class 'pcaRes.' See documentation in the package code{\link[pcaMethods:pcaMethods]{ pcaMethods}}
| ^
Flavors: r-devel-linux-x86_64-debian-clang, r-devel-linux-x86_64-debian-gcc