Last updated on 2024-07-17 20:57:05 CEST.
Flavor | Version | Tinstall | Tcheck | Ttotal | Status | Flags |
---|---|---|---|---|---|---|
r-devel-linux-x86_64-debian-clang | 2.0-1.20 | 9.75 | 197.88 | 207.63 | OK | |
r-devel-linux-x86_64-debian-gcc | 2.0-1.20 | 7.31 | 147.35 | 154.66 | OK | |
r-devel-linux-x86_64-fedora-clang | 2.0-1.20 | 259.90 | OK | |||
r-devel-linux-x86_64-fedora-gcc | 2.0-1.20 | 248.03 | OK | |||
r-devel-windows-x86_64 | 2.0-1.20 | 10.00 | 181.00 | 191.00 | NOTE | |
r-patched-linux-x86_64 | 2.0-1.20 | 13.10 | 193.81 | 206.91 | OK | |
r-release-linux-x86_64 | 2.0-1.20 | 8.73 | 208.81 | 217.54 | OK | |
r-release-macos-arm64 | 2.0-1.20 | 74.00 | OK | |||
r-release-macos-x86_64 | 2.0-1.20 | 124.00 | OK | |||
r-release-windows-x86_64 | 2.0-1.20 | 10.00 | 179.00 | 189.00 | OK | |
r-oldrel-macos-arm64 | 2.0-1.20 | 83.00 | OK | |||
r-oldrel-macos-x86_64 | 2.0-1.20 | 213.00 | OK | |||
r-oldrel-windows-x86_64 | 2.0-1.20 | 13.00 | 211.00 | 224.00 | OK |
Version: 2.0-1.20
Check: Rd cross-references
Result: NOTE
Found the following Rd file(s) with Rd \link{} targets missing package
anchors:
cor.util.Rd: xyplot
data.visualisation.Rd: xyplot
grpplot.Rd: xyplot
mdsplot.Rd: xyplot
panel.elli.Rd: xyplot, panel.ellipse
panel.smooth.line.Rd: xyplot
pcaplot.Rd: xyplot
plot.pcalda.Rd: xyplot
plot.plsc.Rd: xyplot
Please provide package anchors for all Rd \link{} targets not in the
package itself and the base packages.
Flavor: r-devel-windows-x86_64