CRAN Package Check Results for Package msigdbr

Last updated on 2022-12-04 20:53:29 CET.

Flavor Version Tinstall Tcheck Ttotal Status Flags
r-devel-linux-x86_64-debian-clang 7.5.1 31.45 294.32 325.77 OK
r-devel-linux-x86_64-debian-gcc 7.5.1 29.18 220.42 249.60 OK
r-devel-linux-x86_64-fedora-clang 7.5.1 418.31 NOTE
r-devel-linux-x86_64-fedora-gcc 7.5.1 420.76 OK
r-devel-windows-x86_64 7.5.1 37.00 384.00 421.00 NOTE
r-patched-linux-x86_64 7.5.1 31.90 284.66 316.56 OK
r-release-linux-x86_64 7.5.1 32.59 290.22 322.81 OK
r-release-macos-arm64 7.5.1 164.00 NOTE
r-release-macos-x86_64 7.5.1 295.00 NOTE
r-release-windows-x86_64 7.5.1 105.00 406.00 511.00 NOTE
r-oldrel-macos-arm64 7.5.1 140.00 NOTE
r-oldrel-macos-x86_64 7.5.1 182.00 NOTE
r-oldrel-windows-ix86+x86_64 7.5.1 59.00 366.00 425.00 NOTE

Check Details

Version: 7.5.1
Check: installed package size
Result: NOTE
     installed size is 6.0Mb
     sub-directories of 1Mb or more:
     R 5.9Mb
Flavors: r-devel-linux-x86_64-fedora-clang, r-devel-windows-x86_64, r-release-macos-arm64, r-release-macos-x86_64, r-release-windows-x86_64, r-oldrel-macos-arm64, r-oldrel-macos-x86_64, r-oldrel-windows-ix86+x86_64