Last updated on 2024-04-19 20:56:44 CEST.
Flavor | Version | Tinstall | Tcheck | Ttotal | Status | Flags |
---|---|---|---|---|---|---|
r-devel-linux-x86_64-debian-clang | 0.1.0 | 3.00 | 51.99 | 54.99 | OK | |
r-devel-linux-x86_64-debian-gcc | 0.1.0 | OK | ||||
r-devel-linux-x86_64-fedora-clang | 0.1.0 | 72.01 | NOTE | |||
r-devel-linux-x86_64-fedora-gcc | 0.1.0 | 80.82 | NOTE | |||
r-prerel-macos-arm64 | 0.1.0 | 31.00 | OK | |||
r-prerel-windows-x86_64 | 0.1.0 | 4.00 | 57.00 | 61.00 | OK | |
r-patched-linux-x86_64 | 0.1.0 | 2.83 | 50.00 | 52.83 | OK | |
r-release-linux-x86_64 | 0.1.0 | 1.62 | 48.56 | 50.18 | OK | |
r-release-macos-arm64 | 0.1.0 | 85.00 | OK | |||
r-release-macos-x86_64 | 0.1.0 | 45.00 | OK | |||
r-release-windows-x86_64 | 0.1.0 | 4.00 | 63.00 | 67.00 | OK | |
r-oldrel-macos-arm64 | 0.1.0 | 27.00 | NOTE | |||
r-oldrel-windows-x86_64 | 0.1.0 | 5.00 | 69.00 | 74.00 | OK |
Version: 0.1.0
Check: dependencies in R code
Result: NOTE
Namespace in Imports field not imported from: ‘tidyselect’
All declared Imports should be used.
Flavors: r-devel-linux-x86_64-fedora-clang, r-devel-linux-x86_64-fedora-gcc, r-oldrel-macos-arm64