Last updated on 2024-04-23 20:52:10 CEST.
Flavor | Version | Tinstall | Tcheck | Ttotal | Status | Flags |
---|---|---|---|---|---|---|
r-devel-linux-x86_64-debian-clang | 1.1 | 3.13 | 26.04 | 29.17 | NOTE | |
r-devel-linux-x86_64-debian-gcc | 1.1 | 2.34 | 19.77 | 22.11 | NOTE | |
r-devel-linux-x86_64-fedora-clang | 1.1 | 35.68 | NOTE | |||
r-devel-linux-x86_64-fedora-gcc | 1.1 | 33.70 | NOTE | |||
r-prerel-macos-arm64 | 1.1 | 15.00 | OK | |||
r-prerel-windows-x86_64 | 1.1 | 4.00 | 43.00 | 47.00 | OK | |
r-patched-linux-x86_64 | 1.1 | 2.58 | 25.00 | 27.58 | NOTE | |
r-release-linux-x86_64 | 1.1 | 2.38 | 24.61 | 26.99 | NOTE | |
r-release-macos-arm64 | 1.1 | 17.00 | OK | |||
r-release-macos-x86_64 | 1.1 | 21.00 | OK | |||
r-release-windows-x86_64 | 1.1 | 3.00 | 42.00 | 45.00 | OK | |
r-oldrel-macos-arm64 | 1.1 | 18.00 | OK | |||
r-oldrel-windows-x86_64 | 1.1 | 6.00 | 51.00 | 57.00 | OK |
Version: 1.1
Check: for non-standard things in the check directory
Result: NOTE
Found the following files/directories:
‘test.txt’
Flavors: r-devel-linux-x86_64-debian-clang, r-devel-linux-x86_64-debian-gcc, r-devel-linux-x86_64-fedora-clang, r-devel-linux-x86_64-fedora-gcc, r-patched-linux-x86_64, r-release-linux-x86_64