CRAN Package Check Results for Package mrgsim.parallel

Last updated on 2022-10-04 21:53:45 CEST.

Flavor Version Tinstall Tcheck Ttotal Status Flags
r-devel-linux-x86_64-debian-clang 0.2.1 9.48 124.77 134.25 OK
r-devel-linux-x86_64-debian-gcc 0.2.1 6.33 90.54 96.87 OK
r-devel-linux-x86_64-fedora-clang 0.2.1 174.41 NOTE
r-devel-linux-x86_64-fedora-gcc 0.2.1 159.40 OK
r-devel-windows-x86_64 0.2.1 98.00 164.00 262.00 OK
r-patched-linux-x86_64 0.2.1 15.21 112.21 127.42 OK
r-release-linux-x86_64 0.2.1 6.78 111.25 118.03 OK
r-release-macos-arm64 0.2.1 48.00 OK
r-release-macos-x86_64 0.2.1 91.00 OK
r-release-windows-x86_64 0.2.1 37.00 160.00 197.00 OK
r-oldrel-macos-arm64 0.2.1 46.00 OK
r-oldrel-macos-x86_64 0.2.1 63.00 OK
r-oldrel-windows-ix86+x86_64 0.2.1 22.00 154.00 176.00 OK

Check Details

Version: 0.2.1
Check: Rd cross-references
Result: NOTE
    Undeclared package ‘processx’ in Rd xrefs
Flavor: r-devel-linux-x86_64-fedora-clang