Last updated on 2024-04-19 20:56:44 CEST.
Flavor | Version | Tinstall | Tcheck | Ttotal | Status | Flags |
---|---|---|---|---|---|---|
r-devel-linux-x86_64-debian-clang | 0.2.1 | 9.33 | 113.05 | 122.38 | OK | |
r-devel-linux-x86_64-debian-gcc | 0.2.1 | OK | ||||
r-devel-linux-x86_64-fedora-clang | 0.2.1 | 155.18 | NOTE | |||
r-devel-linux-x86_64-fedora-gcc | 0.2.1 | 152.32 | OK | |||
r-prerel-macos-arm64 | 0.2.1 | 54.00 | OK | |||
r-prerel-windows-x86_64 | 0.2.1 | 8.00 | 113.00 | 121.00 | OK | |
r-patched-linux-x86_64 | 0.2.1 | 13.50 | 106.95 | 120.45 | OK | |
r-release-linux-x86_64 | 0.2.1 | 4.85 | 104.87 | 109.72 | OK | |
r-release-macos-arm64 | 0.2.1 | 57.00 | OK | |||
r-release-macos-x86_64 | 0.2.1 | 76.00 | OK | |||
r-release-windows-x86_64 | 0.2.1 | 10.00 | 134.00 | 144.00 | OK | |
r-oldrel-macos-arm64 | 0.2.1 | 48.00 | OK | |||
r-oldrel-windows-x86_64 | 0.2.1 | 11.00 | 138.00 | 149.00 | OK |
Version: 0.2.1
Check: Rd cross-references
Result: NOTE
Undeclared package ‘processx’ in Rd xrefs
Flavor: r-devel-linux-x86_64-fedora-clang