Last updated on 2025-06-30 21:49:27 CEST.
Flavor | Version | Tinstall | Tcheck | Ttotal | Status | Flags |
---|---|---|---|---|---|---|
r-devel-linux-x86_64-debian-clang | 0.4-2.26 | 26.70 | 121.26 | 147.96 | NOTE | |
r-devel-linux-x86_64-debian-gcc | 0.4-2.26 | 17.88 | 89.36 | 107.24 | NOTE | |
r-devel-linux-x86_64-fedora-clang | 0.4-2.26 | 224.92 | OK | |||
r-devel-linux-x86_64-fedora-gcc | 0.4-2.26 | 232.61 | OK | |||
r-devel-windows-x86_64 | 0.4-2.26 | 37.00 | 181.00 | 218.00 | OK | |
r-patched-linux-x86_64 | OK | |||||
r-release-linux-x86_64 | 0.4-2.26 | 21.00 | 115.80 | 136.80 | OK | |
r-release-macos-arm64 | 0.4-2.26 | 94.00 | OK | |||
r-release-macos-x86_64 | 0.4-2.26 | 152.00 | OK | |||
r-release-windows-x86_64 | 0.4-2.26 | 39.00 | 176.00 | 215.00 | OK | |
r-oldrel-macos-arm64 | 0.4-2.26 | 80.00 | OK | |||
r-oldrel-macos-x86_64 | 0.4-2.26 | 198.00 | OK | |||
r-oldrel-windows-x86_64 | 0.4-2.26 | 47.00 | 206.00 | 253.00 | OK |
Version: 0.4-2.26
Check: CRAN incoming feasibility
Result: NOTE
Maintainer: ‘Zhu Wang <zwang145@uthsc.edu>’
No Authors@R field in DESCRIPTION.
Please add one, modifying
Authors@R: c(person(given = "Zhu",
family = "Wang",
role = c("aut", "cre"),
email = "zwang145@uthsc.edu"),
person(given = c("with", "contributions", "from", "Achim"),
family = "Zeileis",
role = "aut"),
person(given = "Simon",
family = "Jackman",
role = "aut"),
person(given = "Brian",
family = "Ripley",
role = "aut"),
person(given = "Patrick",
family = "Breheny",
role = "aut"))
as necessary.
The BugReports field in DESCRIPTION has
https://github.com/zhuwang46/mpath
which should likely be
https://github.com/zhuwang46/mpath/issues
instead.
Flavors: r-devel-linux-x86_64-debian-clang, r-devel-linux-x86_64-debian-gcc