Last updated on 2025-11-13 19:50:30 CET.
| Flavor | Version | Tinstall | Tcheck | Ttotal | Status | Flags |
|---|---|---|---|---|---|---|
| r-devel-linux-x86_64-debian-clang | 0.6.5 | 64.20 | 109.63 | 173.83 | OK | |
| r-devel-linux-x86_64-debian-gcc | 0.6.5 | 38.80 | 74.50 | 113.30 | OK | |
| r-devel-linux-x86_64-fedora-clang | 0.6.5 | 321.00 | -6.69 | 314.31 | OK | |
| r-devel-linux-x86_64-fedora-gcc | 0.6.5 | 134.00 | 163.33 | 297.33 | OK | |
| r-devel-windows-x86_64 | 0.6.5 | 81.00 | 145.00 | 226.00 | OK | |
| r-patched-linux-x86_64 | 0.6.5 | 62.01 | 101.92 | 163.93 | OK | |
| r-release-linux-x86_64 | 0.6.5 | 60.83 | 101.29 | 162.12 | OK | |
| r-release-macos-arm64 | 0.6.5 | 22.00 | 58.00 | 80.00 | OK | |
| r-release-macos-x86_64 | 0.6.5 | 26.00 | 114.00 | 140.00 | OK | |
| r-release-windows-x86_64 | 0.6.5 | 76.00 | 140.00 | 216.00 | OK | |
| r-oldrel-macos-arm64 | 0.6.5 | 21.00 | 60.00 | 81.00 | NOTE | |
| r-oldrel-macos-x86_64 | 0.6.5 | 24.00 | 113.00 | 137.00 | NOTE | |
| r-oldrel-windows-x86_64 | 0.6.5 | 90.00 | 185.00 | 275.00 | OK |
Version: 0.6.5
Check: installed package size
Result: NOTE
installed size is 6.4Mb
sub-directories of 1Mb or more:
libs 3.1Mb
raster 2.2Mb
Flavors: r-oldrel-macos-arm64, r-oldrel-macos-x86_64