Last updated on 2024-07-17 20:57:05 CEST.
Flavor | Version | Tinstall | Tcheck | Ttotal | Status | Flags |
---|---|---|---|---|---|---|
r-devel-linux-x86_64-debian-clang | 0.20.4 | 3.20 | 43.62 | 46.82 | OK | |
r-devel-linux-x86_64-debian-gcc | 0.20.4 | 2.65 | 31.90 | 34.55 | OK | |
r-devel-linux-x86_64-fedora-clang | 0.20.4 | 59.80 | NOTE | |||
r-devel-linux-x86_64-fedora-gcc | 0.20.4 | 55.72 | NOTE | |||
r-devel-windows-x86_64 | 0.20.4 | 4.00 | 64.00 | 68.00 | OK | |
r-patched-linux-x86_64 | 0.20.4 | 5.31 | 41.75 | 47.06 | OK | |
r-release-linux-x86_64 | 0.20.4 | 3.53 | 42.29 | 45.82 | OK | |
r-release-macos-arm64 | 0.20.4 | 19.00 | OK | |||
r-release-macos-x86_64 | 0.20.4 | 31.00 | OK | |||
r-release-windows-x86_64 | 0.20.4 | 5.00 | 64.00 | 69.00 | OK | |
r-oldrel-macos-arm64 | 0.20.4 | 29.00 | OK | |||
r-oldrel-macos-x86_64 | 0.20.4 | 70.00 | OK | |||
r-oldrel-windows-x86_64 | 0.20.4 | 6.00 | 74.00 | 80.00 | OK |
Version: 0.20.4
Check: data for non-ASCII characters
Result: NOTE
Note: found 7 marked UTF-8 strings
Flavors: r-devel-linux-x86_64-fedora-clang, r-devel-linux-x86_64-fedora-gcc