CRAN Package Check Results for Package mosaicCore

Last updated on 2024-02-25 19:50:04 CET.

Flavor Version Tinstall Tcheck Ttotal Status Flags
r-devel-linux-x86_64-debian-clang 0.9.4.0 7.42 70.81 78.23 NOTE
r-devel-linux-x86_64-debian-gcc 0.9.4.0 6.11 53.03 59.14 NOTE
r-devel-linux-x86_64-fedora-clang 0.9.4.0 100.53 NOTE
r-devel-linux-x86_64-fedora-gcc 0.9.4.0 96.12 NOTE
r-devel-windows-x86_64 0.9.4.0 8.00 78.00 86.00 OK
r-patched-linux-x86_64 0.9.4.0 12.48 68.73 81.21 NOTE
r-release-linux-x86_64 0.9.4.0 4.42 68.68 73.10 NOTE
r-release-macos-arm64 0.9.4.0 32.00 OK
r-release-macos-x86_64 0.9.4.0 62.00 OK
r-release-windows-x86_64 0.9.4.0 8.00 93.00 101.00 OK
r-oldrel-macos-arm64 0.9.4.0 35.00 OK
r-oldrel-windows-x86_64 0.9.4.0 9.00 95.00 104.00 OK

Check Details

Version: 0.9.4.0
Check: package dependencies
Result: NOTE Package suggested but not available for checking: ‘mosaicCalc’ Flavors: r-devel-linux-x86_64-debian-clang, r-devel-linux-x86_64-debian-gcc, r-devel-linux-x86_64-fedora-clang, r-devel-linux-x86_64-fedora-gcc, r-patched-linux-x86_64, r-release-linux-x86_64