Last updated on 2023-12-02 19:53:58 CET.
Flavor | Version | Tinstall | Tcheck | Ttotal | Status | Flags |
---|---|---|---|---|---|---|
r-devel-linux-x86_64-debian-clang | 0.1.2 | 3.65 | 20.45 | 24.10 | NOTE | |
r-devel-linux-x86_64-debian-gcc | 0.1.2 | 3.52 | 16.02 | 19.54 | NOTE | |
r-devel-linux-x86_64-fedora-clang | 0.1.2 | 31.66 | OK | |||
r-devel-linux-x86_64-fedora-gcc | 0.1.2 | 30.35 | OK | |||
r-devel-windows-x86_64 | 0.1.2 | 7.00 | 37.00 | 44.00 | OK | |
r-patched-linux-x86_64 | 0.1.2 | 4.52 | 20.24 | 24.76 | OK | |
r-release-linux-x86_64 | 0.1.2 | 4.00 | 20.19 | 24.19 | OK | |
r-release-macos-arm64 | 0.1.2 | 17.00 | OK | |||
r-release-macos-x86_64 | 0.1.2 | 23.00 | OK | |||
r-release-windows-x86_64 | 0.1.2 | 7.00 | 37.00 | 44.00 | OK | |
r-oldrel-macos-arm64 | 0.1.2 | 18.00 | OK | |||
r-oldrel-macos-x86_64 | 0.1.2 | 21.00 | OK | |||
r-oldrel-windows-x86_64 | 0.1.2 | 12.00 | 52.00 | 64.00 | OK |
Version: 0.1.2
Check: Rd files
Result: NOTE
checkRd: (-1) legacy.Rd:27: Lost braces in \itemize; meant \describe ?
checkRd: (-1) legacy.Rd:28: Lost braces in \itemize; meant \describe ?
checkRd: (-1) legacy.Rd:29: Lost braces in \itemize; meant \describe ?
checkRd: (-1) legacy.Rd:30: Lost braces in \itemize; meant \describe ?
checkRd: (-1) legacy.Rd:31: Lost braces in \itemize; meant \describe ?
checkRd: (-1) legacy.Rd:32: Lost braces in \itemize; meant \describe ?
checkRd: (-1) legacy.Rd:33: Lost braces in \itemize; meant \describe ?
checkRd: (-1) legacy.Rd:34: Lost braces in \itemize; meant \describe ?
checkRd: (-1) legacy.Rd:35: Lost braces in \itemize; meant \describe ?
checkRd: (-1) legacy.Rd:36: Lost braces in \itemize; meant \describe ?
checkRd: (-1) legacy.Rd:37: Lost braces in \itemize; meant \describe ?
checkRd: (-1) legacy.Rd:38: Lost braces in \itemize; meant \describe ?
checkRd: (-1) legacy.Rd:40: Lost braces in \itemize; meant \describe ?
Flavors: r-devel-linux-x86_64-debian-clang, r-devel-linux-x86_64-debian-gcc