Last updated on 2025-04-14 21:50:52 CEST.
Flavor | Version | Tinstall | Tcheck | Ttotal | Status | Flags |
---|---|---|---|---|---|---|
r-devel-linux-x86_64-debian-clang | 0.1.5 | 1.79 | 17.02 | 18.81 | OK | |
r-devel-linux-x86_64-debian-gcc | 0.1.5 | 1.31 | 13.83 | 15.14 | OK | |
r-devel-linux-x86_64-fedora-clang | 0.1.5 | 29.80 | OK | |||
r-devel-linux-x86_64-fedora-gcc | 0.1.5 | 28.58 | OK | |||
r-devel-windows-x86_64 | 0.1.5 | 3.00 | 38.00 | 41.00 | OK | |
r-patched-linux-x86_64 | 0.1.5 | 1.86 | 16.53 | 18.39 | OK | |
r-release-linux-x86_64 | 0.1.5 | 1.81 | 16.96 | 18.77 | OK | |
r-release-macos-arm64 | 0.1.5 | 19.00 | OK | |||
r-release-macos-x86_64 | 0.1.5 | 22.00 | OK | |||
r-release-windows-x86_64 | 0.1.5 | 3.00 | 38.00 | 41.00 | OK | |
r-oldrel-macos-arm64 | 0.1.5 | 14.00 | NOTE | |||
r-oldrel-macos-x86_64 | 0.1.5 | 19.00 | NOTE | |||
r-oldrel-windows-x86_64 | 0.1.5 | 3.00 | 35.00 | 38.00 | NOTE |
Version: 0.1.5
Check: LazyData
Result: NOTE
'LazyData' is specified without a 'data' directory
Flavors: r-oldrel-macos-arm64, r-oldrel-macos-x86_64, r-oldrel-windows-x86_64