CRAN Package Check Results for Package molic

Last updated on 2022-11-25 19:49:57 CET.

Flavor Version Tinstall Tcheck Ttotal Status Flags
r-devel-linux-x86_64-debian-clang 2.0.3 41.41 162.89 204.30 OK
r-devel-linux-x86_64-debian-gcc 2.0.3 33.78 116.39 150.17 OK
r-devel-linux-x86_64-fedora-clang 2.0.3 262.71 OK
r-devel-linux-x86_64-fedora-gcc 2.0.3 263.69 OK
r-devel-windows-x86_64 2.0.3 117.00 238.00 355.00 OK
r-patched-linux-x86_64 2.0.3 OK
r-release-linux-x86_64 2.0.3 36.90 152.91 189.81 OK
r-release-macos-arm64 2.0.3 77.00 NOTE
r-release-macos-x86_64 2.0.3 125.00 NOTE
r-release-windows-x86_64 2.0.3 59.00 240.00 299.00 OK
r-oldrel-macos-arm64 2.0.3 102.00 NOTE
r-oldrel-macos-x86_64 2.0.3 86.00 NOTE
r-oldrel-windows-ix86+x86_64 2.0.3 97.00 250.00 347.00 NOTE

Check Details

Version: 2.0.3
Check: installed package size
Result: NOTE
     installed size is 5.5Mb
     sub-directories of 1Mb or more:
     extdata 1.6Mb
     libs 2.7Mb
Flavors: r-release-macos-arm64, r-release-macos-x86_64, r-oldrel-macos-arm64, r-oldrel-macos-x86_64, r-oldrel-windows-ix86+x86_64