Last updated on 2025-11-16 19:50:06 CET.
| Flavor | Version | Tinstall | Tcheck | Ttotal | Status | Flags |
|---|---|---|---|---|---|---|
| r-devel-linux-x86_64-debian-clang | 1.8-4 | 2.22 | 25.31 | 27.53 | NOTE | |
| r-devel-linux-x86_64-debian-gcc | 1.8-4 | 1.93 | 19.87 | 21.80 | NOTE | |
| r-devel-linux-x86_64-fedora-clang | 1.8-4 | 41.38 | OK | |||
| r-devel-linux-x86_64-fedora-gcc | 1.8-4 | 38.75 | OK | |||
| r-devel-windows-x86_64 | 1.8-4 | 4.00 | 44.00 | 48.00 | OK | |
| r-patched-linux-x86_64 | 1.8-4 | 3.28 | 23.28 | 26.56 | OK | |
| r-release-linux-x86_64 | 1.8-4 | 2.70 | 23.62 | 26.32 | OK | |
| r-release-macos-arm64 | 1.8-4 | 1.00 | 15.00 | 16.00 | OK | |
| r-release-macos-x86_64 | 1.8-4 | 3.00 | 23.00 | 26.00 | OK | |
| r-release-windows-x86_64 | 1.8-4 | 3.00 | 42.00 | 45.00 | OK | |
| r-oldrel-macos-arm64 | 1.8-4 | 1.00 | 14.00 | 15.00 | OK | |
| r-oldrel-macos-x86_64 | 1.8-4 | 2.00 | 20.00 | 22.00 | OK | |
| r-oldrel-windows-x86_64 | 1.8-4 | 3.00 | 44.00 | 47.00 | OK |
Version: 1.8-4
Check: CRAN incoming feasibility
Result: NOTE
Maintainer: ‘Peter Langfelder <Peter.Langfelder@gmail.com>’
No Authors@R field in DESCRIPTION.
Please add one, modifying
Authors@R: c(person(given = "Peter",
family = "Langfelder",
role = c("aut", "cre"),
email = "Peter.Langfelder@gmail.com"),
person(given = "Steve",
family = "Horvath",
role = "aut",
email = "SHorvath@mednet.ucla.edu"))
as necessary.
Flavors: r-devel-linux-x86_64-debian-clang, r-devel-linux-x86_64-debian-gcc