Last updated on 2024-03-27 19:56:57 CET.
Flavor | Version | Tinstall | Tcheck | Ttotal | Status | Flags |
---|---|---|---|---|---|---|
r-devel-linux-x86_64-debian-clang | 0.5.5 | 9.34 | 114.19 | 123.53 | NOTE | |
r-devel-linux-x86_64-debian-gcc | 0.5.5 | 8.18 | 87.14 | 95.32 | NOTE | |
r-devel-linux-x86_64-fedora-clang | 0.5.5 | 162.30 | NOTE | |||
r-devel-linux-x86_64-fedora-gcc | 0.5.5 | 174.23 | NOTE | |||
r-devel-windows-x86_64 | 0.5.5 | 11.00 | 109.00 | 120.00 | NOTE | |
r-patched-linux-x86_64 | 0.5.5 | 7.50 | 109.61 | 117.11 | OK | |
r-release-linux-x86_64 | 0.5.5 | 7.00 | 106.81 | 113.81 | OK | |
r-release-macos-arm64 | 0.5.5 | 58.00 | OK | |||
r-release-macos-x86_64 | 0.5.5 | 96.00 | OK | |||
r-release-windows-x86_64 | 0.5.5 | 15.00 | 127.00 | 142.00 | OK | |
r-oldrel-macos-arm64 | 0.5.5 | 45.00 | NOTE | |||
r-oldrel-windows-x86_64 | 0.5.5 | 16.00 | 139.00 | 155.00 | OK |
Version: 0.5.5
Check: Rd files
Result: NOTE
checkRd: (-1) geom_categorical_model.Rd:75: Lost braces; missing escapes or markup?
75 | the {ggplot2} package, but provides functionality that \code{geom_smooth()}
| ^
checkRd: (-1) geom_parallel_slopes.Rd:85: Lost braces; missing escapes or markup?
85 | {ggplot2} grouping aesthetics: \code{group}, \code{color}, \code{fill},
| ^
checkRd: (-1) geom_parallel_slopes.Rd:87: Lost braces; missing escapes or markup?
87 | {ggplot2} package, but provides functionality that \code{geom_smooth()}
| ^
Flavors: r-devel-linux-x86_64-debian-clang, r-devel-linux-x86_64-debian-gcc, r-devel-linux-x86_64-fedora-clang, r-devel-linux-x86_64-fedora-gcc, r-devel-windows-x86_64
Version: 0.5.5
Check: data for non-ASCII characters
Result: NOTE
Note: found 5238 marked UTF-8 strings
Flavors: r-devel-linux-x86_64-fedora-clang, r-devel-linux-x86_64-fedora-gcc, r-oldrel-macos-arm64