CRAN Package Check Results for Package modeltools

Last updated on 2025-05-03 21:51:24 CEST.

Flavor Version Tinstall Tcheck Ttotal Status Flags
r-devel-linux-x86_64-debian-clang 0.2-23 4.19 27.45 31.64 NOTE
r-devel-linux-x86_64-debian-gcc 0.2-24 3.26 22.15 25.41 OK
r-devel-linux-x86_64-fedora-clang 0.2-24 51.36 OK
r-devel-linux-x86_64-fedora-gcc 0.2-24 46.14 OK
r-devel-windows-x86_64 0.2-23 4.00 49.00 53.00 OK
r-patched-linux-x86_64 0.2-23 3.32 26.49 29.81 OK
r-release-linux-x86_64 OK
r-release-macos-arm64 0.2-24 43.00 OK
r-release-macos-x86_64 0.2-24 58.00 OK
r-release-windows-x86_64 0.2-24 9.00 65.00 74.00 OK
r-oldrel-macos-arm64 0.2-24 42.00 OK
r-oldrel-macos-x86_64 0.2-24 57.00 OK
r-oldrel-windows-x86_64 0.2-23 5.00 47.00 52.00 OK

Check Details

Version: 0.2-23
Check: CRAN incoming feasibility
Result: NOTE Maintainer: ‘Torsten Hothorn <Torsten.Hothorn@R-project.org>’ No Authors@R field in DESCRIPTION. Please add one, modifying Authors@R: c(person(given = "Torsten", family = "Hothorn", role = c("aut", "cre"), email = "torsten.hothorn@r-project.org"), person(given = "Friedrich", family = "Leisch", role = "aut"), person(given = "Achim", family = "Zeileis", role = "aut")) as necessary. Flavor: r-devel-linux-x86_64-debian-clang