Last updated on 2023-01-27 20:49:16 CET.
Flavor | Version | Tinstall | Tcheck | Ttotal | Status | Flags |
---|---|---|---|---|---|---|
r-devel-linux-x86_64-debian-clang | 0.2.2 | 39.30 | 452.94 | 492.24 | OK | |
r-devel-linux-x86_64-debian-gcc | 0.2.2 | 31.19 | 331.31 | 362.50 | OK | |
r-devel-linux-x86_64-fedora-clang | 0.2.2 | 647.78 | NOTE | |||
r-devel-linux-x86_64-fedora-gcc | 0.2.2 | 614.88 | NOTE | |||
r-patched-linux-x86_64 | 0.2.2 | 34.99 | 422.69 | 457.68 | OK | |
r-release-linux-x86_64 | 0.2.2 | 31.64 | 412.65 | 444.29 | OK | |
r-release-macos-arm64 | 0.2.2 | 148.00 | NOTE | |||
r-release-macos-x86_64 | 0.2.2 | 190.00 | NOTE | |||
r-release-windows-x86_64 | 0.2.2 | 182.00 | 446.00 | 628.00 | OK | |
r-oldrel-macos-arm64 | 0.2.2 | 146.00 | NOTE | |||
r-oldrel-macos-x86_64 | 0.2.2 | 192.00 | NOTE | |||
r-oldrel-windows-ix86+x86_64 | 0.2.2 | 85.00 | 471.00 | 556.00 | OK |
Version: 0.2.2
Check: package dependencies
Result: NOTE
Imports includes 24 non-default packages.
Importing from so many packages makes the package vulnerable to any of
them becoming unavailable. Move as many as possible to Suggests and
use conditionally.
Flavor: r-devel-linux-x86_64-fedora-clang
Version: 0.2.2
Check: dependencies in R code
Result: NOTE
Namespaces in Imports field not imported from:
‘crayon’ ‘dials’ ‘glue’ ‘parsnip’
All declared Imports should be used.
Flavors: r-devel-linux-x86_64-fedora-clang, r-devel-linux-x86_64-fedora-gcc, r-release-macos-arm64, r-release-macos-x86_64, r-oldrel-macos-arm64, r-oldrel-macos-x86_64